{"id":3054,"date":"2012-10-12T09:04:53","date_gmt":"2012-10-12T09:04:53","guid":{"rendered":"http:\/\/collies-vom-floersbachtal.de\/?page_id=3054"},"modified":"2026-01-11T14:34:49","modified_gmt":"2026-01-11T14:34:49","slug":"nachzucht-a-wurf-alisha","status":"publish","type":"page","link":"https:\/\/collies-vom-floersbachtal.de\/?page_id=3054","title":{"rendered":"Nachzucht A &#8211; Wurf  Alisha"},"content":{"rendered":"\n<h1 class=\"wp-block-heading\"><strong>Januar 2026 News von Alisha mit 14 Jahren \ud83d\ude42<\/strong><\/h1>\n\n\n\n<figure class=\"wp-block-image size-full is-style-rounded\"><a href=\"https:\/\/collies-vom-floersbachtal.de\/cms\/wp-content\/uploads\/2026\/01\/Alisha2-1.jpg\"><img loading=\"lazy\" decoding=\"async\" width=\"1080\" height=\"1302\" src=\"https:\/\/collies-vom-floersbachtal.de\/cms\/wp-content\/uploads\/2026\/01\/Alisha2-1.jpg\" alt=\"\" class=\"wp-image-54158\" srcset=\"https:\/\/collies-vom-floersbachtal.de\/cms\/wp-content\/uploads\/2026\/01\/Alisha2-1.jpg 1080w, https:\/\/collies-vom-floersbachtal.de\/cms\/wp-content\/uploads\/2026\/01\/Alisha2-1-249x300.jpg 249w, https:\/\/collies-vom-floersbachtal.de\/cms\/wp-content\/uploads\/2026\/01\/Alisha2-1-849x1024.jpg 849w, https:\/\/collies-vom-floersbachtal.de\/cms\/wp-content\/uploads\/2026\/01\/Alisha2-1-768x926.jpg 768w\" sizes=\"auto, (max-width: 1080px) 100vw, 1080px\" \/><\/a><\/figure>\n\n\n\n<figure class=\"wp-block-image size-large is-style-rounded\"><a href=\"https:\/\/collies-vom-floersbachtal.de\/cms\/wp-content\/uploads\/2026\/01\/Alisha1-1.jpg\"><img loading=\"lazy\" decoding=\"async\" width=\"837\" height=\"1024\" src=\"https:\/\/collies-vom-floersbachtal.de\/cms\/wp-content\/uploads\/2026\/01\/Alisha1-1-837x1024.jpg\" alt=\"\" class=\"wp-image-54159\" srcset=\"https:\/\/collies-vom-floersbachtal.de\/cms\/wp-content\/uploads\/2026\/01\/Alisha1-1-837x1024.jpg 837w, https:\/\/collies-vom-floersbachtal.de\/cms\/wp-content\/uploads\/2026\/01\/Alisha1-1-245x300.jpg 245w, https:\/\/collies-vom-floersbachtal.de\/cms\/wp-content\/uploads\/2026\/01\/Alisha1-1-768x939.jpg 768w, https:\/\/collies-vom-floersbachtal.de\/cms\/wp-content\/uploads\/2026\/01\/Alisha1-1.jpg 1080w\" sizes=\"auto, (max-width: 837px) 100vw, 837px\" \/><\/a><\/figure>\n\n\n\n<p><strong>Traurige Nachrichten haben uns gestern Abend erreicht . \ud83d\ude41   Alisha ist nun bei ihren Geschwistern und kann mit ihnen nun v\u00f6llig losgel\u00f6st \u00fcber die gr\u00fcnen Wiesen toben. Sie ist friedlich eingeschlafen . Machs gut s\u00fc\u00dfe Maus. R.I.P. Alisha. Herrchen und alle die schon Zuhause sind haben dich sicherlich gut empfangen. Du warst die letzte der A-chens und hast hier lange die Stellung gehalten. <\/strong><\/p>\n\n\n\n<h1 class=\"wp-block-heading\"><strong>23.11.2011                                       07.01.2026<\/strong><\/h1>\n\n\n\n<figure class=\"wp-block-image size-large\"><a href=\"https:\/\/collies-vom-floersbachtal.de\/cms\/wp-content\/uploads\/2026\/01\/Alisha2.jpg\"><img loading=\"lazy\" decoding=\"async\" width=\"768\" height=\"1024\" src=\"https:\/\/collies-vom-floersbachtal.de\/cms\/wp-content\/uploads\/2026\/01\/Alisha2-768x1024.jpg\" alt=\"\" class=\"wp-image-54108\" srcset=\"https:\/\/collies-vom-floersbachtal.de\/cms\/wp-content\/uploads\/2026\/01\/Alisha2-768x1024.jpg 768w, https:\/\/collies-vom-floersbachtal.de\/cms\/wp-content\/uploads\/2026\/01\/Alisha2-225x300.jpg 225w, https:\/\/collies-vom-floersbachtal.de\/cms\/wp-content\/uploads\/2026\/01\/Alisha2.jpg 800w\" sizes=\"auto, (max-width: 768px) 100vw, 768px\" \/><\/a><\/figure>\n\n\n\n<figure class=\"wp-block-gallery has-nested-images columns-default is-cropped wp-block-gallery-1 is-layout-flex wp-block-gallery-is-layout-flex\">\n<figure class=\"wp-block-image size-large\"><a href=\"https:\/\/collies-vom-floersbachtal.de\/cms\/wp-content\/uploads\/2026\/01\/Alisha4.jpg\"><img loading=\"lazy\" decoding=\"async\" width=\"576\" height=\"1024\" data-id=\"54107\" src=\"https:\/\/collies-vom-floersbachtal.de\/cms\/wp-content\/uploads\/2026\/01\/Alisha4-576x1024.jpg\" alt=\"\" class=\"wp-image-54107\" srcset=\"https:\/\/collies-vom-floersbachtal.de\/cms\/wp-content\/uploads\/2026\/01\/Alisha4-576x1024.jpg 576w, https:\/\/collies-vom-floersbachtal.de\/cms\/wp-content\/uploads\/2026\/01\/Alisha4-169x300.jpg 169w, https:\/\/collies-vom-floersbachtal.de\/cms\/wp-content\/uploads\/2026\/01\/Alisha4-768x1365.jpg 768w, https:\/\/collies-vom-floersbachtal.de\/cms\/wp-content\/uploads\/2026\/01\/Alisha4.jpg 800w\" sizes=\"auto, (max-width: 576px) 100vw, 576px\" \/><\/a><\/figure>\n\n\n\n<figure class=\"wp-block-image size-large\"><a href=\"https:\/\/collies-vom-floersbachtal.de\/cms\/wp-content\/uploads\/2026\/01\/Alisha1.jpg\"><img loading=\"lazy\" decoding=\"async\" width=\"768\" height=\"1024\" data-id=\"54110\" src=\"https:\/\/collies-vom-floersbachtal.de\/cms\/wp-content\/uploads\/2026\/01\/Alisha1-768x1024.jpg\" alt=\"\" class=\"wp-image-54110\" srcset=\"https:\/\/collies-vom-floersbachtal.de\/cms\/wp-content\/uploads\/2026\/01\/Alisha1-768x1024.jpg 768w, https:\/\/collies-vom-floersbachtal.de\/cms\/wp-content\/uploads\/2026\/01\/Alisha1-225x300.jpg 225w, https:\/\/collies-vom-floersbachtal.de\/cms\/wp-content\/uploads\/2026\/01\/Alisha1.jpg 800w\" sizes=\"auto, (max-width: 768px) 100vw, 768px\" \/><\/a><\/figure>\n\n\n\n<figure class=\"wp-block-image size-large is-style-rounded\"><a href=\"https:\/\/collies-vom-floersbachtal.de\/cms\/wp-content\/uploads\/2026\/01\/Alisha3.jpg\"><img loading=\"lazy\" decoding=\"async\" width=\"576\" height=\"1024\" data-id=\"54109\" src=\"https:\/\/collies-vom-floersbachtal.de\/cms\/wp-content\/uploads\/2026\/01\/Alisha3-576x1024.jpg\" alt=\"\" class=\"wp-image-54109\" srcset=\"https:\/\/collies-vom-floersbachtal.de\/cms\/wp-content\/uploads\/2026\/01\/Alisha3-576x1024.jpg 576w, https:\/\/collies-vom-floersbachtal.de\/cms\/wp-content\/uploads\/2026\/01\/Alisha3-169x300.jpg 169w, https:\/\/collies-vom-floersbachtal.de\/cms\/wp-content\/uploads\/2026\/01\/Alisha3-768x1365.jpg 768w, https:\/\/collies-vom-floersbachtal.de\/cms\/wp-content\/uploads\/2026\/01\/Alisha3.jpg 800w\" sizes=\"auto, (max-width: 576px) 100vw, 576px\" \/><\/a><\/figure>\n<\/figure>\n\n\n\n<figure class=\"wp-block-image size-large\"><a href=\"https:\/\/collies-vom-floersbachtal.de\/cms\/wp-content\/uploads\/2026\/01\/Alisha3-1.jpg\"><img loading=\"lazy\" decoding=\"async\" width=\"827\" height=\"1024\" src=\"https:\/\/collies-vom-floersbachtal.de\/cms\/wp-content\/uploads\/2026\/01\/Alisha3-1-827x1024.jpg\" alt=\"\" class=\"wp-image-54161\" srcset=\"https:\/\/collies-vom-floersbachtal.de\/cms\/wp-content\/uploads\/2026\/01\/Alisha3-1-827x1024.jpg 827w, https:\/\/collies-vom-floersbachtal.de\/cms\/wp-content\/uploads\/2026\/01\/Alisha3-1-242x300.jpg 242w, https:\/\/collies-vom-floersbachtal.de\/cms\/wp-content\/uploads\/2026\/01\/Alisha3-1-768x951.jpg 768w, https:\/\/collies-vom-floersbachtal.de\/cms\/wp-content\/uploads\/2026\/01\/Alisha3-1.jpg 1080w\" sizes=\"auto, (max-width: 827px) 100vw, 827px\" \/><\/a><\/figure>\n\n\n\n<h1 class=\"wp-block-heading\"><strong>Sommer News im Juni 2025 von Alisha mit  13,5 Jahren \ud83d\ude42<\/strong><\/h1>\n\n\n\n<figure class=\"wp-block-image size-full is-style-rounded\"><a href=\"https:\/\/collies-vom-floersbachtal.de\/cms\/wp-content\/uploads\/2025\/06\/Alisha1-fast-13-Jahre.jpg\"><img loading=\"lazy\" decoding=\"async\" width=\"1000\" height=\"994\" src=\"https:\/\/collies-vom-floersbachtal.de\/cms\/wp-content\/uploads\/2025\/06\/Alisha1-fast-13-Jahre.jpg\" alt=\"\" class=\"wp-image-51001\" srcset=\"https:\/\/collies-vom-floersbachtal.de\/cms\/wp-content\/uploads\/2025\/06\/Alisha1-fast-13-Jahre.jpg 1000w, https:\/\/collies-vom-floersbachtal.de\/cms\/wp-content\/uploads\/2025\/06\/Alisha1-fast-13-Jahre-300x298.jpg 300w, https:\/\/collies-vom-floersbachtal.de\/cms\/wp-content\/uploads\/2025\/06\/Alisha1-fast-13-Jahre-150x150.jpg 150w, https:\/\/collies-vom-floersbachtal.de\/cms\/wp-content\/uploads\/2025\/06\/Alisha1-fast-13-Jahre-768x763.jpg 768w\" sizes=\"auto, (max-width: 1000px) 100vw, 1000px\" \/><\/a><\/figure>\n\n\n\n<h1 class=\"wp-block-heading\"><strong>Oktober News von Alisha \ud83d\ude42<\/strong><\/h1>\n\n\n\n<figure class=\"wp-block-image size-large\"><a href=\"https:\/\/collies-vom-floersbachtal.de\/cms\/wp-content\/uploads\/2024\/10\/Bella-Alisha-und-Chico1-Okt.24.jpg\"><img loading=\"lazy\" decoding=\"async\" width=\"1024\" height=\"943\" src=\"https:\/\/collies-vom-floersbachtal.de\/cms\/wp-content\/uploads\/2024\/10\/Bella-Alisha-und-Chico1-Okt.24-1024x943.jpg\" alt=\"\" class=\"wp-image-48039\" srcset=\"https:\/\/collies-vom-floersbachtal.de\/cms\/wp-content\/uploads\/2024\/10\/Bella-Alisha-und-Chico1-Okt.24-1024x943.jpg 1024w, https:\/\/collies-vom-floersbachtal.de\/cms\/wp-content\/uploads\/2024\/10\/Bella-Alisha-und-Chico1-Okt.24-300x276.jpg 300w, https:\/\/collies-vom-floersbachtal.de\/cms\/wp-content\/uploads\/2024\/10\/Bella-Alisha-und-Chico1-Okt.24-768x708.jpg 768w, https:\/\/collies-vom-floersbachtal.de\/cms\/wp-content\/uploads\/2024\/10\/Bella-Alisha-und-Chico1-Okt.24.jpg 1080w\" sizes=\"auto, (max-width: 1024px) 100vw, 1024px\" \/><\/a><\/figure>\n\n\n<p><strong>Hier die ersten Fotos von der kleinen P\u00fcppi Alisha in ihrem neuen Heim :<\/strong><\/p>\n<p><a href=\"http:\/\/collies-vom-floersbachtal.de\/cms\/wp-content\/uploads\/2011\/11\/Alishas-neues-Zuhause-4.jpg\"><img loading=\"lazy\" decoding=\"async\" class=\"alignleft size-full wp-image-976\" title=\"Alishas neues Zuhause 4\" src=\"http:\/\/collies-vom-floersbachtal.de\/cms\/wp-content\/uploads\/2011\/11\/Alishas-neues-Zuhause-4.jpg\" alt=\"\" width=\"800\" height=\"600\" srcset=\"https:\/\/collies-vom-floersbachtal.de\/cms\/wp-content\/uploads\/2011\/11\/Alishas-neues-Zuhause-4.jpg 800w, https:\/\/collies-vom-floersbachtal.de\/cms\/wp-content\/uploads\/2011\/11\/Alishas-neues-Zuhause-4-300x225.jpg 300w\" sizes=\"auto, (max-width: 800px) 100vw, 800px\" \/><\/a><br \/>\n<strong><br \/>\nHier hat sie 2 Kinder und eine Katze zum spielen und nat\u00fcrlich Frauli und Herrchen zum schmusen bekommen.<\/strong><\/p>\n<p><strong>Alisha und ihre Familie zu Besuch:<\/strong><br \/>\n<strong>So ein sch\u00f6nes Wochenende schreit nach Wiederholung!<\/strong><\/p>\n<p><a href=\"http:\/\/collies-vom-floersbachtal.de\/cms\/wp-content\/uploads\/2011\/11\/Feivel-mit-Melli-beim-Reiten-1.jpg\"><img loading=\"lazy\" decoding=\"async\" class=\"alignleft size-full wp-image-1377\" title=\"Feivel mit Melli beim Reiten 1\" src=\"http:\/\/collies-vom-floersbachtal.de\/cms\/wp-content\/uploads\/2011\/11\/Feivel-mit-Melli-beim-Reiten-1.jpg\" alt=\"\" width=\"1000\" height=\"826\" srcset=\"https:\/\/collies-vom-floersbachtal.de\/cms\/wp-content\/uploads\/2011\/11\/Feivel-mit-Melli-beim-Reiten-1.jpg 1000w, https:\/\/collies-vom-floersbachtal.de\/cms\/wp-content\/uploads\/2011\/11\/Feivel-mit-Melli-beim-Reiten-1-300x247.jpg 300w\" sizes=\"auto, (max-width: 1000px) 100vw, 1000px\" \/><\/a><br \/>\n<strong>So ist das, wenn mein kein Auto fahren will, dann darf man reiten. Feivel genie\u00dft seinen ersten Ritt er ist v\u00f6llig kaputt. Alle anderen durften mit dem Auto zur\u00fcck fahren<\/strong><\/p>\n<p>September 2012 haben wir wieder Besuch von Alisha und ihrem Frauchen bekommen, weil Sie sich noch eine kleine Maus, die Bella nach Hause geholt haben ( siehe Nachzucht B-Wurf Belissa-Bella) \ud83d\ude42<\/p>\n<p><a href=\"http:\/\/collies-vom-floersbachtal.de\/cms\/wp-content\/uploads\/2012\/10\/Alisha-Sep.-2012-zu-Besuch3.jpg\"><img loading=\"lazy\" decoding=\"async\" class=\"alignleft size-full wp-image-3097\" title=\"Alisha Sep. 2012 zu Besuch3\" src=\"http:\/\/collies-vom-floersbachtal.de\/cms\/wp-content\/uploads\/2012\/10\/Alisha-Sep.-2012-zu-Besuch3.jpg\" alt=\"\" width=\"1000\" height=\"560\" srcset=\"https:\/\/collies-vom-floersbachtal.de\/cms\/wp-content\/uploads\/2012\/10\/Alisha-Sep.-2012-zu-Besuch3.jpg 1000w, https:\/\/collies-vom-floersbachtal.de\/cms\/wp-content\/uploads\/2012\/10\/Alisha-Sep.-2012-zu-Besuch3-300x168.jpg 300w\" sizes=\"auto, (max-width: 1000px) 100vw, 1000px\" \/><\/a><\/p>\n<p><strong>Und dann endlich mit beiden M\u00e4dels zu Hause angekommen!<\/strong><\/p>\n<p><a href=\"http:\/\/collies-vom-floersbachtal.de\/cms\/wp-content\/uploads\/2012\/10\/Alisha-Belissa-Bella2-im-Okt.12.jpg\"><img loading=\"lazy\" decoding=\"async\" class=\"alignleft size-full wp-image-3101\" title=\"Alisha &amp; Belissa-Bella2 im  Okt.12\" src=\"http:\/\/collies-vom-floersbachtal.de\/cms\/wp-content\/uploads\/2012\/10\/Alisha-Belissa-Bella2-im-Okt.12.jpg\" alt=\"\" width=\"671\" height=\"451\" srcset=\"https:\/\/collies-vom-floersbachtal.de\/cms\/wp-content\/uploads\/2012\/10\/Alisha-Belissa-Bella2-im-Okt.12.jpg 671w, https:\/\/collies-vom-floersbachtal.de\/cms\/wp-content\/uploads\/2012\/10\/Alisha-Belissa-Bella2-im-Okt.12-300x201.jpg 300w\" sizes=\"auto, (max-width: 671px) 100vw, 671px\" \/><\/a><\/p>\n<p><a href=\"http:\/\/collies-vom-floersbachtal.de\/cms\/wp-content\/uploads\/2012\/10\/Alisha2-im-Okt.12.jpg\"><img loading=\"lazy\" decoding=\"async\" class=\"alignleft size-full wp-image-3105\" title=\"Alisha2 im Okt.12\" src=\"http:\/\/collies-vom-floersbachtal.de\/cms\/wp-content\/uploads\/2012\/10\/Alisha2-im-Okt.12.jpg\" alt=\"\" width=\"1000\" height=\"750\" srcset=\"https:\/\/collies-vom-floersbachtal.de\/cms\/wp-content\/uploads\/2012\/10\/Alisha2-im-Okt.12.jpg 1000w, https:\/\/collies-vom-floersbachtal.de\/cms\/wp-content\/uploads\/2012\/10\/Alisha2-im-Okt.12-300x225.jpg 300w\" sizes=\"auto, (max-width: 1000px) 100vw, 1000px\" \/><\/a><\/p>\n<p><a href=\"http:\/\/collies-vom-floersbachtal.de\/cms\/wp-content\/uploads\/2012\/10\/Alisha3-im-Okt.12.jpg\"><img loading=\"lazy\" decoding=\"async\" class=\"alignleft size-full wp-image-3169\" title=\"Alisha3 im Okt.12\" src=\"http:\/\/collies-vom-floersbachtal.de\/cms\/wp-content\/uploads\/2012\/10\/Alisha3-im-Okt.12.jpg\" alt=\"\" width=\"800\" height=\"600\" srcset=\"https:\/\/collies-vom-floersbachtal.de\/cms\/wp-content\/uploads\/2012\/10\/Alisha3-im-Okt.12.jpg 800w, https:\/\/collies-vom-floersbachtal.de\/cms\/wp-content\/uploads\/2012\/10\/Alisha3-im-Okt.12-300x225.jpg 300w\" sizes=\"auto, (max-width: 800px) 100vw, 800px\" \/><\/a><\/p>\n<p><a href=\"http:\/\/collies-vom-floersbachtal.de\/cms\/wp-content\/uploads\/2012\/10\/Alisha-Belissa-Bella-2.jpg\"><img loading=\"lazy\" decoding=\"async\" class=\"aligncenter size-full wp-image-3757\" title=\"Alisha &amp; Belissa-Bella 2\" src=\"http:\/\/collies-vom-floersbachtal.de\/cms\/wp-content\/uploads\/2012\/10\/Alisha-Belissa-Bella-2.jpg\" alt=\"\" width=\"800\" height=\"600\" srcset=\"https:\/\/collies-vom-floersbachtal.de\/cms\/wp-content\/uploads\/2012\/10\/Alisha-Belissa-Bella-2.jpg 800w, https:\/\/collies-vom-floersbachtal.de\/cms\/wp-content\/uploads\/2012\/10\/Alisha-Belissa-Bella-2-300x225.jpg 300w\" sizes=\"auto, (max-width: 800px) 100vw, 800px\" \/><\/a><br \/>\n<strong>Herrchen wir wollen gar keine N\u00fcsse, die sind bestimmt schon schlecht und vom letzten Jahr \ud83d\ude00<\/strong><\/p>\n<p><strong>M\u00e4rz 2013<\/strong><br \/>\n<strong>News von Prinzessin Alisha mit 7 Jahren<a href=\"http:\/\/collies-vom-floersbachtal.de\/cms\/wp-content\/uploads\/2012\/10\/Alisha-und-Melli1.jpg\"><img loading=\"lazy\" decoding=\"async\" class=\"aligncenter size-full wp-image-24605\" title=\"Alisha und Melli1\" src=\"http:\/\/collies-vom-floersbachtal.de\/cms\/wp-content\/uploads\/2012\/10\/Alisha-und-Melli1.jpg\" alt=\"\" width=\"480\" height=\"640\" srcset=\"https:\/\/collies-vom-floersbachtal.de\/cms\/wp-content\/uploads\/2012\/10\/Alisha-und-Melli1.jpg 480w, https:\/\/collies-vom-floersbachtal.de\/cms\/wp-content\/uploads\/2012\/10\/Alisha-und-Melli1-225x300.jpg 225w\" sizes=\"auto, (max-width: 480px) 100vw, 480px\" \/><\/a><br \/>\n<\/strong><\/p>","protected":false},"excerpt":{"rendered":"<p>Januar 2026 News von Alisha mit 14 Jahren \ud83d\ude42 Traurige Nachrichten haben uns gestern Abend erreicht . \ud83d\ude41 Alisha ist nun bei ihren Geschwistern und kann mit ihnen nun v\u00f6llig losgel\u00f6st \u00fcber die gr\u00fcnen Wiesen toben. Sie ist friedlich eingeschlafen &hellip; <a href=\"https:\/\/collies-vom-floersbachtal.de\/?page_id=3054\">Weiterlesen <span class=\"meta-nav\">&rarr;<\/span><\/a><\/p>\n","protected":false},"author":1,"featured_media":0,"parent":0,"menu_order":0,"comment_status":"open","ping_status":"open","template":"","meta":{"footnotes":""},"class_list":["post-3054","page","type-page","status-publish","hentry"],"_links":{"self":[{"href":"https:\/\/collies-vom-floersbachtal.de\/index.php?rest_route=\/wp\/v2\/pages\/3054","targetHints":{"allow":["GET"]}}],"collection":[{"href":"https:\/\/collies-vom-floersbachtal.de\/index.php?rest_route=\/wp\/v2\/pages"}],"about":[{"href":"https:\/\/collies-vom-floersbachtal.de\/index.php?rest_route=\/wp\/v2\/types\/page"}],"author":[{"embeddable":true,"href":"https:\/\/collies-vom-floersbachtal.de\/index.php?rest_route=\/wp\/v2\/users\/1"}],"replies":[{"embeddable":true,"href":"https:\/\/collies-vom-floersbachtal.de\/index.php?rest_route=%2Fwp%2Fv2%2Fcomments&post=3054"}],"version-history":[{"count":27,"href":"https:\/\/collies-vom-floersbachtal.de\/index.php?rest_route=\/wp\/v2\/pages\/3054\/revisions"}],"predecessor-version":[{"id":54162,"href":"https:\/\/collies-vom-floersbachtal.de\/index.php?rest_route=\/wp\/v2\/pages\/3054\/revisions\/54162"}],"wp:attachment":[{"href":"https:\/\/collies-vom-floersbachtal.de\/index.php?rest_route=%2Fwp%2Fv2%2Fmedia&parent=3054"}],"curies":[{"name":"wp","href":"https:\/\/api.w.org\/{rel}","templated":true}]}}