{"id":27,"date":"2011-11-09T11:43:10","date_gmt":"2011-11-09T11:43:10","guid":{"rendered":"http:\/\/cvf.itprojekte.pro\/?page_id=27"},"modified":"2022-09-26T12:33:13","modified_gmt":"2022-09-26T12:33:13","slug":"welpen","status":"publish","type":"page","link":"https:\/\/collies-vom-floersbachtal.de\/?page_id=27","title":{"rendered":"Welpen A &#8211; Wurf"},"content":{"rendered":"<p><span style=\"color: #ff0000;\"><strong>Alle Welpen haben ein sch\u00f6nes neues Zuhause gefunden!<\/strong><\/span><\/p>\n<p>Wir bedanken uns als Z\u00fcchter nochmals bei allen Welpenk\u00e4ufer f\u00fcr das uns entgegen-gebrachte Vertrauen. Und w\u00fcnschen viel Spa\u00df und Freunde, sowie Gesundheit und ein langes Leben mit den kleinen Langnasen.<\/p>\n<p><strong>Yuipi , geschafft!<\/strong> <strong>Unser A &#8211; Wurf ist am 23.11.2011 gelandet.<strong><\/strong><\/strong><\/p>\n<p><strong><span style=\"color: #ff0000;\">23. November bis 20.Dezember <\/span><\/strong><br \/>\n<strong><span style=\"color: #ff0000;\"> Sch\u00fctze, ein unbek\u00fcmmerter Kumpel<\/span><\/strong><\/p>\n<p><strong><\/strong><strong>Ist Ihr Leben eint\u00f6nig und verl\u00e4uft nach dem Prinzip &#8222;und immer wieder gr\u00fc\u00dft das Murmeltier?\u201c Dann schaffen Sie sich einen Sch\u00fctze-Hund an. Sie selbst sollten jedoch kein Langeweiler sein, denn dieser Hund kann langweilige Menschen nicht ausstehen. Er wird Sie auf diese Schw\u00e4che unmissverst\u00e4ndlich aufmerksam machen, indem er Sie verl\u00e4sst. Sein unersch\u00fctterlicher Optimismus sagt ihm, dass er schon irgendwo auf der Welt eine T\u00fcr findet, die sich ihm \u00f6ffnet und wo er mit allem, was er braucht, versorgt wird. Was braucht der Sch\u00fctze-Hund? Zuerst einmal einen aktiven, naturverbundenen Menschen, der f\u00fcr die Ideen seines Hundes empf\u00e4nglich ist und sie tr\u00e4gt. Er braucht einen immer gef\u00fcllten Futternapf und ein Auto f\u00fcr die Reisen in unbekannte Gebiete. Kein anderer Hund liebt die Natur so wie er. Mit ausgedehnten Wanderungen, vorbei an Seen, die zum Baden einladen machen Sie ihm die gr\u00f6\u00dfte Freude. Leben Sie in der Stadt, wird er keine Laterne auslassen, um sich mit den neuesten Nachrichten einzudecken. Der Sch\u00fctze-Hund ist \u2013 oft zum Schrecken seines Besitzers &#8211; voller \u00fcberraschender und lustiger Einf\u00e4lle. Am Ende kann ihm aber niemand b\u00f6se sein. M\u00f6chten Sie einen Hund, der vertrauensvoll mit Ihnen durch dick und d\u00fcnn geht, einen fr\u00f6hlichen Kameraden an Ihrer Seite? Und, wenn Sie mit gen\u00fcgend Nervenst\u00e4rke seinen kleinen, schelmischen Streichen mit Humor zu begegnen, dann sollten Sie sich einen Sch\u00fctze-Hund zulegen.&nbsp;<\/strong><\/p>\n<p><a href=\"http:\/\/collies-vom-floersbachtal.de\/cms\/wp-content\/uploads\/2011\/11\/baby_collie.gif\"><img loading=\"lazy\" decoding=\"async\" class=\"alignleft size-full wp-image-217\" title=\"Welpe\" src=\"http:\/\/collies-vom-floersbachtal.de\/cms\/wp-content\/uploads\/2011\/11\/baby_collie.gif\" alt=\"\" width=\"57\" height=\"44\"><\/a><\/p>\n<p><strong>Hier die stolzen Eltern:<\/strong><br \/>\n<a href=\"http:\/\/collies-vom-floersbachtal.de\/cms\/wp-content\/uploads\/2011\/11\/Sally-im-Schnee3.jpg\"><img loading=\"lazy\" decoding=\"async\" class=\"alignleft size-full wp-image-3193\" title=\"Sally im Schnee\" src=\"http:\/\/collies-vom-floersbachtal.de\/cms\/wp-content\/uploads\/2011\/11\/Sally-im-Schnee3.jpg\" alt=\"\" width=\"1000\" height=\"664\" srcset=\"https:\/\/collies-vom-floersbachtal.de\/cms\/wp-content\/uploads\/2011\/11\/Sally-im-Schnee3.jpg 1000w, https:\/\/collies-vom-floersbachtal.de\/cms\/wp-content\/uploads\/2011\/11\/Sally-im-Schnee3-300x199.jpg 300w\" sizes=\"auto, (max-width: 1000px) 100vw, 1000px\" \/><\/a><\/p>\n<p><strong>Timmy\u00b4s best friend Derryl, genannt <strong>SALLY<\/strong>, geboren am 02.04.2009<br \/>\nzobel &#8211; wei\u00df, wei\u00df,-tricolorfaktoriert, zur Zucht zugelassen, 57 cm und wiegt 23,6 Kg<br \/>\nMDR1 +\/+, non carrier<br \/>\nCEA&nbsp;&nbsp;&nbsp;&nbsp; -\/- (leicht), affected<br \/>\nPRA\/KATH frei nach DOK,<br \/>\nHD B \/ ED 0,<br \/>\nDM&nbsp;&nbsp;&nbsp;&nbsp; +\/+, non carrier,<br \/>\nScherengebiss<\/strong><\/p>\n<p><a href=\"http:\/\/collies-vom-floersbachtal.de\/cms\/wp-content\/uploads\/2011\/11\/Spirit-im-Wald1.jpg\"><img loading=\"lazy\" decoding=\"async\" class=\"alignleft size-full wp-image-3200\" title=\"Spirit im Wald\" src=\"http:\/\/collies-vom-floersbachtal.de\/cms\/wp-content\/uploads\/2011\/11\/Spirit-im-Wald1.jpg\" alt=\"\" width=\"591\" height=\"720\" srcset=\"https:\/\/collies-vom-floersbachtal.de\/cms\/wp-content\/uploads\/2011\/11\/Spirit-im-Wald1.jpg 591w, https:\/\/collies-vom-floersbachtal.de\/cms\/wp-content\/uploads\/2011\/11\/Spirit-im-Wald1-246x300.jpg 246w\" sizes=\"auto, (max-width: 591px) 100vw, 591px\" \/><\/a><\/p>\n<p><strong>Daylight Spirit of Murphy\u2019s Ranch, genannt Spirit, geb: 23.05.10<br \/>\ndank &#8211; sable, wei\u00dffaktoriert, 61 cm,<br \/>\nMDR1 +\/+,<br \/>\nCEA\/CH N\/N non carrier<br \/>\nPRA\/ Kath N\/N non carrier<br \/>\nRD frei<br \/>\nPHTVL\/PHPV frei<br \/>\nPatella frei<br \/>\nHD A, ED 0<br \/>\nDM N\/N non carrier,<br \/>\nGCS non carrier<\/strong><\/p>\n<p>Alle Gentests wurden ausschlie\u00dflich per Blut gemacht.<\/p>\n<p>Spirit ist im Moment 61,5 cm gro\u00df und wiegt 27 kg<\/p>\n<p><strong>Spirit, der Papa wird auf Grund seiner Gesundheitswerte ausschlie\u00dflich freie Welpen bei CEA, MDR, GCS, sowie DM produzieren, egal wie die Werte der H\u00fcndin sind. <\/strong><\/p>\n<p><em>Ab dem 14.12.2011 d\u00fcrfen die Babys Besuch empfangen !<br \/>\n<\/em><br \/>\n3 Buben und 4 M\u00e4dels halten hier jetzt alle auf Trab!!!<\/p>\n<p>Es sind 1\/3 Dark-Sable, 1\/1 Tricolor und 1 CHW-Dark-Sable<\/p>\n<p>Alle zusammen:<\/p>\n<p><a href=\"http:\/\/collies-vom-floersbachtal.de\/cms\/wp-content\/uploads\/2011\/11\/die-Tanke.jpg\"><img loading=\"lazy\" decoding=\"async\" class=\"alignnone size-medium wp-image-429\" title=\"die Tanke\" src=\"http:\/\/collies-vom-floersbachtal.de\/cms\/wp-content\/uploads\/2011\/11\/die-Tanke-300x199.jpg\" alt=\"\" width=\"300\" height=\"199\" srcset=\"https:\/\/collies-vom-floersbachtal.de\/cms\/wp-content\/uploads\/2011\/11\/die-Tanke-300x199.jpg 300w, https:\/\/collies-vom-floersbachtal.de\/cms\/wp-content\/uploads\/2011\/11\/die-Tanke.jpg 1000w\" sizes=\"auto, (max-width: 300px) 100vw, 300px\" \/><\/a><br \/>\nLos Jungs und M\u00e4dels, ab an die Tanke, wer wei\u00df wie lange es was gibt!!!!<\/p>\n<p><strong><a href=\"http:\/\/collies-vom-floersbachtal.de\/cms\/wp-content\/uploads\/2011\/11\/A-Wurf-Farbenvielfalt12.jpg\"><img loading=\"lazy\" decoding=\"async\" class=\"aligncenter size-full wp-image-17223\" title=\"A-Wurf Farbenvielfalt1\" src=\"http:\/\/collies-vom-floersbachtal.de\/cms\/wp-content\/uploads\/2011\/11\/A-Wurf-Farbenvielfalt12.jpg\" alt=\"\" width=\"1000\" height=\"945\" srcset=\"https:\/\/collies-vom-floersbachtal.de\/cms\/wp-content\/uploads\/2011\/11\/A-Wurf-Farbenvielfalt12.jpg 1000w, https:\/\/collies-vom-floersbachtal.de\/cms\/wp-content\/uploads\/2011\/11\/A-Wurf-Farbenvielfalt12-300x283.jpg 300w\" sizes=\"auto, (max-width: 1000px) 100vw, 1000px\" \/><\/a>Alle Farben vertreten. Hier sind die Kr\u00fcmel in der 8. Woche<br \/>\n<a href=\"http:\/\/collies-vom-floersbachtal.de\/cms\/wp-content\/uploads\/2011\/11\/A-Wurf-Alisha-mit-8-Wochen1.jpg\"><img loading=\"lazy\" decoding=\"async\" class=\"aligncenter size-full wp-image-17258\" title=\"A-Wurf Alisha mit 8 Wochen1\" src=\"http:\/\/collies-vom-floersbachtal.de\/cms\/wp-content\/uploads\/2011\/11\/A-Wurf-Alisha-mit-8-Wochen1.jpg\" alt=\"\" width=\"1000\" height=\"667\" srcset=\"https:\/\/collies-vom-floersbachtal.de\/cms\/wp-content\/uploads\/2011\/11\/A-Wurf-Alisha-mit-8-Wochen1.jpg 1000w, https:\/\/collies-vom-floersbachtal.de\/cms\/wp-content\/uploads\/2011\/11\/A-Wurf-Alisha-mit-8-Wochen1-300x200.jpg 300w\" sizes=\"auto, (max-width: 1000px) 100vw, 1000px\" \/><\/a><a href=\"http:\/\/collies-vom-floersbachtal.de\/cms\/wp-content\/uploads\/2011\/11\/A-Wurf1-mit-Ginger-und-2-Babys-mit-8-W..jpg\"><img loading=\"lazy\" decoding=\"async\" class=\"aligncenter size-full wp-image-17259\" title=\"A-Wurf1 mit Ginger  und 2 Babys mit 8 W.\" src=\"http:\/\/collies-vom-floersbachtal.de\/cms\/wp-content\/uploads\/2011\/11\/A-Wurf1-mit-Ginger-und-2-Babys-mit-8-W..jpg\" alt=\"\" width=\"1000\" height=\"535\" srcset=\"https:\/\/collies-vom-floersbachtal.de\/cms\/wp-content\/uploads\/2011\/11\/A-Wurf1-mit-Ginger-und-2-Babys-mit-8-W..jpg 1000w, https:\/\/collies-vom-floersbachtal.de\/cms\/wp-content\/uploads\/2011\/11\/A-Wurf1-mit-Ginger-und-2-Babys-mit-8-W.-300x160.jpg 300w\" sizes=\"auto, (max-width: 1000px) 100vw, 1000px\" \/><\/a><a href=\"http:\/\/collies-vom-floersbachtal.de\/cms\/wp-content\/uploads\/2011\/11\/A-Wurf-Farbenvielfalt2.jpg\"><img loading=\"lazy\" decoding=\"async\" class=\"aligncenter size-full wp-image-17225\" title=\"A-Wurf Farbenvielfalt2\" src=\"http:\/\/collies-vom-floersbachtal.de\/cms\/wp-content\/uploads\/2011\/11\/A-Wurf-Farbenvielfalt2.jpg\" alt=\"\" width=\"1000\" height=\"667\" srcset=\"https:\/\/collies-vom-floersbachtal.de\/cms\/wp-content\/uploads\/2011\/11\/A-Wurf-Farbenvielfalt2.jpg 1000w, https:\/\/collies-vom-floersbachtal.de\/cms\/wp-content\/uploads\/2011\/11\/A-Wurf-Farbenvielfalt2-300x200.jpg 300w\" sizes=\"auto, (max-width: 1000px) 100vw, 1000px\" \/><\/a><a href=\"http:\/\/collies-vom-floersbachtal.de\/cms\/wp-content\/uploads\/2011\/11\/A-Wurf-mit-8-Wochen1.jpg\"><img loading=\"lazy\" decoding=\"async\" class=\"aligncenter size-full wp-image-17226\" title=\"A- Wurf mit 8 Wochen1\" src=\"http:\/\/collies-vom-floersbachtal.de\/cms\/wp-content\/uploads\/2011\/11\/A-Wurf-mit-8-Wochen1.jpg\" alt=\"\" width=\"1000\" height=\"587\" srcset=\"https:\/\/collies-vom-floersbachtal.de\/cms\/wp-content\/uploads\/2011\/11\/A-Wurf-mit-8-Wochen1.jpg 1000w, https:\/\/collies-vom-floersbachtal.de\/cms\/wp-content\/uploads\/2011\/11\/A-Wurf-mit-8-Wochen1-300x176.jpg 300w\" sizes=\"auto, (max-width: 1000px) 100vw, 1000px\" \/><\/a><a href=\"http:\/\/collies-vom-floersbachtal.de\/cms\/wp-content\/uploads\/2011\/11\/A-Wurf-die-2-Tricos-mit-8-Wochen1.jpg\"><img loading=\"lazy\" decoding=\"async\" class=\"aligncenter size-full wp-image-17227\" title=\"A- Wurf die 2 Tricos mit 8 Wochen1\" src=\"http:\/\/collies-vom-floersbachtal.de\/cms\/wp-content\/uploads\/2011\/11\/A-Wurf-die-2-Tricos-mit-8-Wochen1.jpg\" alt=\"\" width=\"1000\" height=\"667\" srcset=\"https:\/\/collies-vom-floersbachtal.de\/cms\/wp-content\/uploads\/2011\/11\/A-Wurf-die-2-Tricos-mit-8-Wochen1.jpg 1000w, https:\/\/collies-vom-floersbachtal.de\/cms\/wp-content\/uploads\/2011\/11\/A-Wurf-die-2-Tricos-mit-8-Wochen1-300x200.jpg 300w\" sizes=\"auto, (max-width: 1000px) 100vw, 1000px\" \/><\/a><a href=\"http:\/\/collies-vom-floersbachtal.de\/cms\/wp-content\/uploads\/2011\/11\/Ada1-mit-8-Wochen.jpg\"><img loading=\"lazy\" decoding=\"async\" class=\"aligncenter size-full wp-image-17228\" title=\"Ada1 mit 8 Wochen\" src=\"http:\/\/collies-vom-floersbachtal.de\/cms\/wp-content\/uploads\/2011\/11\/Ada1-mit-8-Wochen.jpg\" alt=\"\" width=\"1000\" height=\"885\" srcset=\"https:\/\/collies-vom-floersbachtal.de\/cms\/wp-content\/uploads\/2011\/11\/Ada1-mit-8-Wochen.jpg 1000w, https:\/\/collies-vom-floersbachtal.de\/cms\/wp-content\/uploads\/2011\/11\/Ada1-mit-8-Wochen-300x265.jpg 300w\" sizes=\"auto, (max-width: 1000px) 100vw, 1000px\" \/><\/a><a href=\"http:\/\/collies-vom-floersbachtal.de\/cms\/wp-content\/uploads\/2011\/11\/A-Wurf1-mit-Mama-und-2-Babys-mit-8-W..jpg\"><img loading=\"lazy\" decoding=\"async\" class=\"aligncenter size-full wp-image-17229\" title=\"A-Wurf1 mit Mama und 2 Babys mit 8 W.\" src=\"http:\/\/collies-vom-floersbachtal.de\/cms\/wp-content\/uploads\/2011\/11\/A-Wurf1-mit-Mama-und-2-Babys-mit-8-W..jpg\" alt=\"\" width=\"1000\" height=\"1008\" srcset=\"https:\/\/collies-vom-floersbachtal.de\/cms\/wp-content\/uploads\/2011\/11\/A-Wurf1-mit-Mama-und-2-Babys-mit-8-W..jpg 1000w, https:\/\/collies-vom-floersbachtal.de\/cms\/wp-content\/uploads\/2011\/11\/A-Wurf1-mit-Mama-und-2-Babys-mit-8-W.-150x150.jpg 150w, https:\/\/collies-vom-floersbachtal.de\/cms\/wp-content\/uploads\/2011\/11\/A-Wurf1-mit-Mama-und-2-Babys-mit-8-W.-297x300.jpg 297w\" sizes=\"auto, (max-width: 1000px) 100vw, 1000px\" \/><\/a><a href=\"http:\/\/collies-vom-floersbachtal.de\/cms\/wp-content\/uploads\/2011\/11\/Akela1-mit-8-Wochen.jpg\"><img loading=\"lazy\" decoding=\"async\" class=\"aligncenter size-full wp-image-17230\" title=\"Akela1 mit 8 Wochen\" src=\"http:\/\/collies-vom-floersbachtal.de\/cms\/wp-content\/uploads\/2011\/11\/Akela1-mit-8-Wochen.jpg\" alt=\"\" width=\"1000\" height=\"915\" srcset=\"https:\/\/collies-vom-floersbachtal.de\/cms\/wp-content\/uploads\/2011\/11\/Akela1-mit-8-Wochen.jpg 1000w, https:\/\/collies-vom-floersbachtal.de\/cms\/wp-content\/uploads\/2011\/11\/Akela1-mit-8-Wochen-300x274.jpg 300w\" sizes=\"auto, (max-width: 1000px) 100vw, 1000px\" \/><\/a><a href=\"http:\/\/collies-vom-floersbachtal.de\/cms\/wp-content\/uploads\/2011\/11\/Wurfkiste-A-Wurf1.jpg\"><img loading=\"lazy\" decoding=\"async\" class=\"aligncenter size-full wp-image-17232\" title=\"Wurfkiste A-Wurf1\" src=\"http:\/\/collies-vom-floersbachtal.de\/cms\/wp-content\/uploads\/2011\/11\/Wurfkiste-A-Wurf1.jpg\" alt=\"\" width=\"1000\" height=\"503\" srcset=\"https:\/\/collies-vom-floersbachtal.de\/cms\/wp-content\/uploads\/2011\/11\/Wurfkiste-A-Wurf1.jpg 1000w, https:\/\/collies-vom-floersbachtal.de\/cms\/wp-content\/uploads\/2011\/11\/Wurfkiste-A-Wurf1-300x150.jpg 300w\" sizes=\"auto, (max-width: 1000px) 100vw, 1000px\" \/><\/a> <\/strong><br \/>\n<strong>Unter Nachzuchten A-Wurf findet ihr mit dem jeweiligen Namen die weitere Entwicklung der Welpen<\/strong><\/p>\n","protected":false},"excerpt":{"rendered":"<p>Alle Welpen haben ein sch\u00f6nes neues Zuhause gefunden! Wir bedanken uns als Z\u00fcchter nochmals bei allen Welpenk\u00e4ufer f\u00fcr das uns entgegen-gebrachte Vertrauen. Und w\u00fcnschen viel Spa\u00df und Freunde, sowie Gesundheit und ein langes Leben mit den kleinen Langnasen. Yuipi , &hellip; <a href=\"https:\/\/collies-vom-floersbachtal.de\/?page_id=27\">Weiterlesen <span class=\"meta-nav\">&rarr;<\/span><\/a><\/p>\n","protected":false},"author":1,"featured_media":0,"parent":18,"menu_order":5,"comment_status":"open","ping_status":"open","template":"","meta":{"footnotes":""},"class_list":["post-27","page","type-page","status-publish","hentry"],"_links":{"self":[{"href":"https:\/\/collies-vom-floersbachtal.de\/index.php?rest_route=\/wp\/v2\/pages\/27","targetHints":{"allow":["GET"]}}],"collection":[{"href":"https:\/\/collies-vom-floersbachtal.de\/index.php?rest_route=\/wp\/v2\/pages"}],"about":[{"href":"https:\/\/collies-vom-floersbachtal.de\/index.php?rest_route=\/wp\/v2\/types\/page"}],"author":[{"embeddable":true,"href":"https:\/\/collies-vom-floersbachtal.de\/index.php?rest_route=\/wp\/v2\/users\/1"}],"replies":[{"embeddable":true,"href":"https:\/\/collies-vom-floersbachtal.de\/index.php?rest_route=%2Fwp%2Fv2%2Fcomments&post=27"}],"version-history":[{"count":142,"href":"https:\/\/collies-vom-floersbachtal.de\/index.php?rest_route=\/wp\/v2\/pages\/27\/revisions"}],"predecessor-version":[{"id":37251,"href":"https:\/\/collies-vom-floersbachtal.de\/index.php?rest_route=\/wp\/v2\/pages\/27\/revisions\/37251"}],"up":[{"embeddable":true,"href":"https:\/\/collies-vom-floersbachtal.de\/index.php?rest_route=\/wp\/v2\/pages\/18"}],"wp:attachment":[{"href":"https:\/\/collies-vom-floersbachtal.de\/index.php?rest_route=%2Fwp%2Fv2%2Fmedia&parent=27"}],"curies":[{"name":"wp","href":"https:\/\/api.w.org\/{rel}","templated":true}]}}