{"id":21683,"date":"2018-03-15T14:44:09","date_gmt":"2018-03-15T14:44:09","guid":{"rendered":"http:\/\/collies-vom-floersbachtal.de\/?page_id=21683"},"modified":"2018-03-24T15:53:47","modified_gmt":"2018-03-24T15:53:47","slug":"auszug-der-welpen-des-g-wurfs","status":"publish","type":"page","link":"https:\/\/collies-vom-floersbachtal.de\/?page_id=21683","title":{"rendered":"Auszug der Welpen des G-Wurfs"},"content":{"rendered":"<p><strong>Wir bedanken uns nochmal bei allen Welpenk\u00e4ufern, f\u00fcr das entgegen gebrachte Vertrauen in unsere Zuchtst\u00e4tte und w\u00fcnschen ein sch\u00f6nes, langes, gl\u00fcckliches Leben mit den Kleinen. <\/strong><\/p>\n<p><strong>Unsere G-chens\u00a0 werden fl\u00fcgge:Auch bei den G-chens ging es heute los mit dem Auszug<\/strong><\/p>\n<p><strong>Hier kommen nun die Bilder unserer W\u00fcrmchen mit ihren neuen Familien.<\/strong><\/p>\n<p><strong>Heute am 24.03.18<\/strong> sind die letzten 2 von unserer El\u00e1 ausgezogen.\u00a0 Ayeli unsere kesse Biene \ud83d\ude00 Nun wird es erst einmal still werden bei den Fl\u00f6rsbachtalern\u00a0<a href=\"http:\/\/collies-vom-floersbachtal.de\/cms\/wp-content\/uploads\/2018\/03\/Ayeli3-Auszug.jpg\"><img loading=\"lazy\" decoding=\"async\" class=\"aligncenter size-full wp-image-22142\" title=\"Ayeli3 Auszug\" src=\"http:\/\/collies-vom-floersbachtal.de\/cms\/wp-content\/uploads\/2018\/03\/Ayeli3-Auszug.jpg\" alt=\"\" width=\"1000\" height=\"2193\" \/><\/a><\/p>\n<p>Und Chumani-Lilly\u00a0 \ud83d\ude00<a href=\"http:\/\/collies-vom-floersbachtal.de\/cms\/wp-content\/uploads\/2018\/03\/Chumani-Lilly1-Auszug.jpg\"><img loading=\"lazy\" decoding=\"async\" class=\"aligncenter size-full wp-image-22143\" title=\"Chumani-Lilly1 Auszug\" src=\"http:\/\/collies-vom-floersbachtal.de\/cms\/wp-content\/uploads\/2018\/03\/Chumani-Lilly1-Auszug.jpg\" alt=\"\" width=\"1000\" height=\"1378\" srcset=\"https:\/\/collies-vom-floersbachtal.de\/cms\/wp-content\/uploads\/2018\/03\/Chumani-Lilly1-Auszug.jpg 1000w, https:\/\/collies-vom-floersbachtal.de\/cms\/wp-content\/uploads\/2018\/03\/Chumani-Lilly1-Auszug-217x300.jpg 217w, https:\/\/collies-vom-floersbachtal.de\/cms\/wp-content\/uploads\/2018\/03\/Chumani-Lilly1-Auszug-743x1024.jpg 743w\" sizes=\"auto, (max-width: 1000px) 100vw, 1000px\" \/><\/a><\/p>\n<p><strong>Heute am 21.03.18<\/strong> sind dann erst unsere kleinste Maus Isabellchen in ihr neues Zuhause gezogen. \ud83d\ude00<a href=\"http:\/\/collies-vom-floersbachtal.de\/cms\/wp-content\/uploads\/2018\/03\/Isabelle2-Auszug-61-Tage.jpg\"><img loading=\"lazy\" decoding=\"async\" class=\"aligncenter size-full wp-image-22007\" title=\"Isabelle2 Auszug 61 Tage\" src=\"http:\/\/collies-vom-floersbachtal.de\/cms\/wp-content\/uploads\/2018\/03\/Isabelle2-Auszug-61-Tage.jpg\" alt=\"\" width=\"1000\" height=\"901\" srcset=\"https:\/\/collies-vom-floersbachtal.de\/cms\/wp-content\/uploads\/2018\/03\/Isabelle2-Auszug-61-Tage.jpg 1000w, https:\/\/collies-vom-floersbachtal.de\/cms\/wp-content\/uploads\/2018\/03\/Isabelle2-Auszug-61-Tage-300x270.jpg 300w\" sizes=\"auto, (max-width: 1000px) 100vw, 1000px\" \/><\/a><\/p>\n<p><strong>21.03.18<\/strong> Und danach wurde unser K\u00f6nig Sakima abgeholt, dieses mal war auch sein neuer Kumpel Yucon mit von der Partie. \ud83d\ude00<a href=\"http:\/\/collies-vom-floersbachtal.de\/cms\/wp-content\/uploads\/2018\/03\/Sakima5-Auszug-61-Tage.jpg\"><img loading=\"lazy\" decoding=\"async\" class=\"aligncenter size-full wp-image-22008\" title=\"Sakima5 Auszug 61 Tage\" src=\"http:\/\/collies-vom-floersbachtal.de\/cms\/wp-content\/uploads\/2018\/03\/Sakima5-Auszug-61-Tage.jpg\" alt=\"\" width=\"1000\" height=\"575\" srcset=\"https:\/\/collies-vom-floersbachtal.de\/cms\/wp-content\/uploads\/2018\/03\/Sakima5-Auszug-61-Tage.jpg 1000w, https:\/\/collies-vom-floersbachtal.de\/cms\/wp-content\/uploads\/2018\/03\/Sakima5-Auszug-61-Tage-300x172.jpg 300w\" sizes=\"auto, (max-width: 1000px) 100vw, 1000px\" \/><\/a><\/p>\n<p><a href=\"http:\/\/collies-vom-floersbachtal.de\/cms\/wp-content\/uploads\/2018\/03\/Sakima3-Auszug-61-Tage.jpg\"><img loading=\"lazy\" decoding=\"async\" class=\"aligncenter size-full wp-image-22009\" title=\"Sakima3 Auszug 61 Tage\" src=\"http:\/\/collies-vom-floersbachtal.de\/cms\/wp-content\/uploads\/2018\/03\/Sakima3-Auszug-61-Tage.jpg\" alt=\"\" width=\"1000\" height=\"910\" srcset=\"https:\/\/collies-vom-floersbachtal.de\/cms\/wp-content\/uploads\/2018\/03\/Sakima3-Auszug-61-Tage.jpg 1000w, https:\/\/collies-vom-floersbachtal.de\/cms\/wp-content\/uploads\/2018\/03\/Sakima3-Auszug-61-Tage-300x273.jpg 300w\" sizes=\"auto, (max-width: 1000px) 100vw, 1000px\" \/><\/a><\/p>\n<p><strong>18.03.18<\/strong> Danach kamen die neuen Besitzer unserer kleinen,\u00a0 kessen Grand Kadiri um mit ihr in Richtung W\u00fcrzburg (mal nicht so weit :-D) in ihr neues Zuhause zu fahren.<\/p>\n<p><a href=\"http:\/\/collies-vom-floersbachtal.de\/cms\/wp-content\/uploads\/2018\/03\/Kadiri-Auszug2.jpg\"><img loading=\"lazy\" decoding=\"async\" class=\"aligncenter size-full wp-image-21820\" title=\"Kadiri Auszug2\" src=\"http:\/\/collies-vom-floersbachtal.de\/cms\/wp-content\/uploads\/2018\/03\/Kadiri-Auszug2.jpg\" alt=\"\" width=\"1000\" height=\"946\" srcset=\"https:\/\/collies-vom-floersbachtal.de\/cms\/wp-content\/uploads\/2018\/03\/Kadiri-Auszug2.jpg 1000w, https:\/\/collies-vom-floersbachtal.de\/cms\/wp-content\/uploads\/2018\/03\/Kadiri-Auszug2-300x283.jpg 300w\" sizes=\"auto, (max-width: 1000px) 100vw, 1000px\" \/><\/a><strong>18.03.18<\/strong> Den Anfang macht unsere kleine Prinzessin Glaring Grace um in ihr neues Zuhause\u00a0 nach Borken zu fahren.<\/p>\n<p><a href=\"http:\/\/collies-vom-floersbachtal.de\/cms\/wp-content\/uploads\/2018\/03\/Grace-Auszug2.jpg\"><img loading=\"lazy\" decoding=\"async\" class=\"aligncenter size-full wp-image-21819\" title=\"Grace Auszug2\" src=\"http:\/\/collies-vom-floersbachtal.de\/cms\/wp-content\/uploads\/2018\/03\/Grace-Auszug2.jpg\" alt=\"\" width=\"1000\" height=\"1157\" srcset=\"https:\/\/collies-vom-floersbachtal.de\/cms\/wp-content\/uploads\/2018\/03\/Grace-Auszug2.jpg 1000w, https:\/\/collies-vom-floersbachtal.de\/cms\/wp-content\/uploads\/2018\/03\/Grace-Auszug2-259x300.jpg 259w, https:\/\/collies-vom-floersbachtal.de\/cms\/wp-content\/uploads\/2018\/03\/Grace-Auszug2-885x1024.jpg 885w\" sizes=\"auto, (max-width: 1000px) 100vw, 1000px\" \/><\/a><a href=\"http:\/\/collies-vom-floersbachtal.de\/cms\/wp-content\/uploads\/2018\/03\/Grace-Auszug3.jpg\"><img loading=\"lazy\" decoding=\"async\" class=\"aligncenter size-medium wp-image-21821\" title=\"Grace Auszug3\" src=\"http:\/\/collies-vom-floersbachtal.de\/cms\/wp-content\/uploads\/2018\/03\/Grace-Auszug3-257x300.jpg\" alt=\"\" width=\"257\" height=\"300\" srcset=\"https:\/\/collies-vom-floersbachtal.de\/cms\/wp-content\/uploads\/2018\/03\/Grace-Auszug3-257x300.jpg 257w, https:\/\/collies-vom-floersbachtal.de\/cms\/wp-content\/uploads\/2018\/03\/Grace-Auszug3-877x1024.jpg 877w, https:\/\/collies-vom-floersbachtal.de\/cms\/wp-content\/uploads\/2018\/03\/Grace-Auszug3.jpg 1000w\" sizes=\"auto, (max-width: 257px) 100vw, 257px\" \/><\/a><\/p>\n","protected":false},"excerpt":{"rendered":"<p>Wir bedanken uns nochmal bei allen Welpenk\u00e4ufern, f\u00fcr das entgegen gebrachte Vertrauen in unsere Zuchtst\u00e4tte und w\u00fcnschen ein sch\u00f6nes, langes, gl\u00fcckliches Leben mit den Kleinen. Unsere G-chens\u00a0 werden fl\u00fcgge:Auch bei den G-chens ging es heute los mit dem Auszug Hier &hellip; <a href=\"https:\/\/collies-vom-floersbachtal.de\/?page_id=21683\">Weiterlesen <span class=\"meta-nav\">&rarr;<\/span><\/a><\/p>\n","protected":false},"author":1,"featured_media":0,"parent":0,"menu_order":0,"comment_status":"open","ping_status":"open","template":"","meta":{"footnotes":""},"class_list":["post-21683","page","type-page","status-publish","hentry"],"_links":{"self":[{"href":"https:\/\/collies-vom-floersbachtal.de\/index.php?rest_route=\/wp\/v2\/pages\/21683","targetHints":{"allow":["GET"]}}],"collection":[{"href":"https:\/\/collies-vom-floersbachtal.de\/index.php?rest_route=\/wp\/v2\/pages"}],"about":[{"href":"https:\/\/collies-vom-floersbachtal.de\/index.php?rest_route=\/wp\/v2\/types\/page"}],"author":[{"embeddable":true,"href":"https:\/\/collies-vom-floersbachtal.de\/index.php?rest_route=\/wp\/v2\/users\/1"}],"replies":[{"embeddable":true,"href":"https:\/\/collies-vom-floersbachtal.de\/index.php?rest_route=%2Fwp%2Fv2%2Fcomments&post=21683"}],"version-history":[{"count":9,"href":"https:\/\/collies-vom-floersbachtal.de\/index.php?rest_route=\/wp\/v2\/pages\/21683\/revisions"}],"predecessor-version":[{"id":22145,"href":"https:\/\/collies-vom-floersbachtal.de\/index.php?rest_route=\/wp\/v2\/pages\/21683\/revisions\/22145"}],"wp:attachment":[{"href":"https:\/\/collies-vom-floersbachtal.de\/index.php?rest_route=%2Fwp%2Fv2%2Fmedia&parent=21683"}],"curies":[{"name":"wp","href":"https:\/\/api.w.org\/{rel}","templated":true}]}}

<p><strong>Wir bedanken uns nochmal bei allen Welpenkäufern, für das entgegen gebrachte Vertrauen in unsere Zuchtstätte und wünschen ein schönes, langes, glückliches Leben mit den Kleinen. </strong></p>
<p><strong>Unsere G-chens  werden flügge:Auch bei den G-chens ging es heute los mit dem Auszug</strong></p>
<p><strong>Hier kommen nun die Bilder unserer Würmchen mit ihren neuen Familien.</strong></p>
<p><strong>Heute am 24.03.18</strong> sind die letzten 2 von unserer Elá ausgezogen.  Ayeli unsere kesse Biene 😀 Nun wird es erst einmal still werden bei den Flörsbachtalern <a href="http://collies-vom-floersbachtal.de/cms/wp-content/uploads/2018/03/Ayeli3-Auszug.jpg"><img loading="lazy" decoding="async" class="aligncenter size-full wp-image-22142" title="Ayeli3 Auszug" src="http://collies-vom-floersbachtal.de/cms/wp-content/uploads/2018/03/Ayeli3-Auszug.jpg" alt="" width="1000" height="2193" /></a></p>
<p>Und Chumani-Lilly  😀<a href="http://collies-vom-floersbachtal.de/cms/wp-content/uploads/2018/03/Chumani-Lilly1-Auszug.jpg"><img loading="lazy" decoding="async" class="aligncenter size-full wp-image-22143" title="Chumani-Lilly1 Auszug" src="http://collies-vom-floersbachtal.de/cms/wp-content/uploads/2018/03/Chumani-Lilly1-Auszug.jpg" alt="" width="1000" height="1378" srcset="https://collies-vom-floersbachtal.de/cms/wp-content/uploads/2018/03/Chumani-Lilly1-Auszug.jpg 1000w, https://collies-vom-floersbachtal.de/cms/wp-content/uploads/2018/03/Chumani-Lilly1-Auszug-217x300.jpg 217w, https://collies-vom-floersbachtal.de/cms/wp-content/uploads/2018/03/Chumani-Lilly1-Auszug-743x1024.jpg 743w" sizes="auto, (max-width: 1000px) 100vw, 1000px" /></a></p>
<p><strong>Heute am 21.03.18</strong> sind dann erst unsere kleinste Maus Isabellchen in ihr neues Zuhause gezogen. 😀<a href="http://collies-vom-floersbachtal.de/cms/wp-content/uploads/2018/03/Isabelle2-Auszug-61-Tage.jpg"><img loading="lazy" decoding="async" class="aligncenter size-full wp-image-22007" title="Isabelle2 Auszug 61 Tage" src="http://collies-vom-floersbachtal.de/cms/wp-content/uploads/2018/03/Isabelle2-Auszug-61-Tage.jpg" alt="" width="1000" height="901" srcset="https://collies-vom-floersbachtal.de/cms/wp-content/uploads/2018/03/Isabelle2-Auszug-61-Tage.jpg 1000w, https://collies-vom-floersbachtal.de/cms/wp-content/uploads/2018/03/Isabelle2-Auszug-61-Tage-300x270.jpg 300w" sizes="auto, (max-width: 1000px) 100vw, 1000px" /></a></p>
<p><strong>21.03.18</strong> Und danach wurde unser König Sakima abgeholt, dieses mal war auch sein neuer Kumpel Yucon mit von der Partie. 😀<a href="http://collies-vom-floersbachtal.de/cms/wp-content/uploads/2018/03/Sakima5-Auszug-61-Tage.jpg"><img loading="lazy" decoding="async" class="aligncenter size-full wp-image-22008" title="Sakima5 Auszug 61 Tage" src="http://collies-vom-floersbachtal.de/cms/wp-content/uploads/2018/03/Sakima5-Auszug-61-Tage.jpg" alt="" width="1000" height="575" srcset="https://collies-vom-floersbachtal.de/cms/wp-content/uploads/2018/03/Sakima5-Auszug-61-Tage.jpg 1000w, https://collies-vom-floersbachtal.de/cms/wp-content/uploads/2018/03/Sakima5-Auszug-61-Tage-300x172.jpg 300w" sizes="auto, (max-width: 1000px) 100vw, 1000px" /></a></p>
<p><a href="http://collies-vom-floersbachtal.de/cms/wp-content/uploads/2018/03/Sakima3-Auszug-61-Tage.jpg"><img loading="lazy" decoding="async" class="aligncenter size-full wp-image-22009" title="Sakima3 Auszug 61 Tage" src="http://collies-vom-floersbachtal.de/cms/wp-content/uploads/2018/03/Sakima3-Auszug-61-Tage.jpg" alt="" width="1000" height="910" srcset="https://collies-vom-floersbachtal.de/cms/wp-content/uploads/2018/03/Sakima3-Auszug-61-Tage.jpg 1000w, https://collies-vom-floersbachtal.de/cms/wp-content/uploads/2018/03/Sakima3-Auszug-61-Tage-300x273.jpg 300w" sizes="auto, (max-width: 1000px) 100vw, 1000px" /></a></p>
<p><strong>18.03.18</strong> Danach kamen die neuen Besitzer unserer kleinen,  kessen Grand Kadiri um mit ihr in Richtung Würzburg (mal nicht so weit :-D) in ihr neues Zuhause zu fahren.</p>
<p><a href="http://collies-vom-floersbachtal.de/cms/wp-content/uploads/2018/03/Kadiri-Auszug2.jpg"><img loading="lazy" decoding="async" class="aligncenter size-full wp-image-21820" title="Kadiri Auszug2" src="http://collies-vom-floersbachtal.de/cms/wp-content/uploads/2018/03/Kadiri-Auszug2.jpg" alt="" width="1000" height="946" srcset="https://collies-vom-floersbachtal.de/cms/wp-content/uploads/2018/03/Kadiri-Auszug2.jpg 1000w, https://collies-vom-floersbachtal.de/cms/wp-content/uploads/2018/03/Kadiri-Auszug2-300x283.jpg 300w" sizes="auto, (max-width: 1000px) 100vw, 1000px" /></a><strong>18.03.18</strong> Den Anfang macht unsere kleine Prinzessin Glaring Grace um in ihr neues Zuhause  nach Borken zu fahren.</p>
<p><a href="http://collies-vom-floersbachtal.de/cms/wp-content/uploads/2018/03/Grace-Auszug2.jpg"><img loading="lazy" decoding="async" class="aligncenter size-full wp-image-21819" title="Grace Auszug2" src="http://collies-vom-floersbachtal.de/cms/wp-content/uploads/2018/03/Grace-Auszug2.jpg" alt="" width="1000" height="1157" srcset="https://collies-vom-floersbachtal.de/cms/wp-content/uploads/2018/03/Grace-Auszug2.jpg 1000w, https://collies-vom-floersbachtal.de/cms/wp-content/uploads/2018/03/Grace-Auszug2-259x300.jpg 259w, https://collies-vom-floersbachtal.de/cms/wp-content/uploads/2018/03/Grace-Auszug2-885x1024.jpg 885w" sizes="auto, (max-width: 1000px) 100vw, 1000px" /></a><a href="http://collies-vom-floersbachtal.de/cms/wp-content/uploads/2018/03/Grace-Auszug3.jpg"><img loading="lazy" decoding="async" class="aligncenter size-medium wp-image-21821" title="Grace Auszug3" src="http://collies-vom-floersbachtal.de/cms/wp-content/uploads/2018/03/Grace-Auszug3-257x300.jpg" alt="" width="257" height="300" srcset="https://collies-vom-floersbachtal.de/cms/wp-content/uploads/2018/03/Grace-Auszug3-257x300.jpg 257w, https://collies-vom-floersbachtal.de/cms/wp-content/uploads/2018/03/Grace-Auszug3-877x1024.jpg 877w, https://collies-vom-floersbachtal.de/cms/wp-content/uploads/2018/03/Grace-Auszug3.jpg 1000w" sizes="auto, (max-width: 257px) 100vw, 257px" /></a></p>

<p>Wir bedanken uns nochmal bei allen Welpenkäufern, für das entgegen gebrachte Vertrauen in unsere Zuchtstätte und wünschen ein schönes, langes, glückliches Leben mit den Kleinen. Unsere G-chens  werden flügge:Auch bei den G-chens ging es heute los mit dem Auszug Hier &hellip; <a href="https://collies-vom-floersbachtal.de/?page_id=21683">Weiterlesen <span class="meta-nav">&rarr;</span></a></p>
