{"id":21678,"date":"2018-03-15T14:43:41","date_gmt":"2018-03-15T14:43:41","guid":{"rendered":"http:\/\/collies-vom-floersbachtal.de\/?page_id=21678"},"modified":"2018-03-23T10:20:08","modified_gmt":"2018-03-23T10:20:08","slug":"auszug-der-welpen-des-f-wurfs","status":"publish","type":"page","link":"https:\/\/collies-vom-floersbachtal.de\/?page_id=21678","title":{"rendered":"Auszug der Welpen des F-Wurfs"},"content":{"rendered":"<p><strong>Wir bedanken uns nochmal bei allen Welpenk\u00e4ufern, f\u00fcr das entgegen gebrachte Vertrauen in uns und unsere Zuchtst\u00e4tte und w\u00fcnschen ein sch\u00f6nes, langes, gl\u00fcckliches Leben mit den Kleinen. <\/strong><\/p>\n<p><strong>Unsere F-chens\u00a0 werden fl\u00fcgge:<\/strong><\/p>\n<p><strong>Hier kommen nun die Bilder unserer W\u00fcrmchen mit ihren neuen Familien.<\/strong><\/p>\n<p><strong>Heute am 22.03.18<\/strong> ist unsere letzte kleine Maus Imana-Malou von Jeanny ausgezogen.<a href=\"http:\/\/collies-vom-floersbachtal.de\/cms\/wp-content\/uploads\/2018\/03\/Imana-Malou3-Auszug.jpg\"><img loading=\"lazy\" decoding=\"async\" class=\"aligncenter size-full wp-image-22093\" title=\"Imana-Malou3 Auszug\" src=\"http:\/\/collies-vom-floersbachtal.de\/cms\/wp-content\/uploads\/2018\/03\/Imana-Malou3-Auszug.jpg\" alt=\"\" width=\"1000\" height=\"714\" srcset=\"https:\/\/collies-vom-floersbachtal.de\/cms\/wp-content\/uploads\/2018\/03\/Imana-Malou3-Auszug.jpg 1000w, https:\/\/collies-vom-floersbachtal.de\/cms\/wp-content\/uploads\/2018\/03\/Imana-Malou3-Auszug-300x214.jpg 300w\" sizes=\"auto, (max-width: 1000px) 100vw, 1000px\" \/><\/a><\/p>\n<p><strong>Heute am Sonntagmorgen, den 18.03.18<\/strong> war es dann f\u00fcr Leandra-Masha so weit. Aber , was war das wei\u00dfe Zeug, wo kam es auf einmal her???\u00a0 Sie haben auch eine sehr weite Fahrt vor sich, bis in den Spreewald wo sie schon von 3 weiteren Vierbeinern erwartet werden. Dr\u00fccken wir die Daumen, dass sie gut an kommen.<a href=\"http:\/\/collies-vom-floersbachtal.de\/cms\/wp-content\/uploads\/2018\/03\/Auszug-Leandra-Masha3.jpg\"><img loading=\"lazy\" decoding=\"async\" class=\"aligncenter size-full wp-image-21855\" title=\"Auszug Leandra-Masha3\" src=\"http:\/\/collies-vom-floersbachtal.de\/cms\/wp-content\/uploads\/2018\/03\/Auszug-Leandra-Masha3.jpg\" alt=\"\" width=\"1000\" height=\"1291\" srcset=\"https:\/\/collies-vom-floersbachtal.de\/cms\/wp-content\/uploads\/2018\/03\/Auszug-Leandra-Masha3.jpg 1000w, https:\/\/collies-vom-floersbachtal.de\/cms\/wp-content\/uploads\/2018\/03\/Auszug-Leandra-Masha3-232x300.jpg 232w, https:\/\/collies-vom-floersbachtal.de\/cms\/wp-content\/uploads\/2018\/03\/Auszug-Leandra-Masha3-793x1024.jpg 793w\" sizes=\"auto, (max-width: 1000px) 100vw, 1000px\" \/><\/a><\/p>\n<p>Danach kam die neue Familie f\u00fcr unsere s\u00fc\u00dfe Ausbrecherin Finou-Lona um mit ihr nach Ammerbuch aufzubrechen.<a href=\"http:\/\/collies-vom-floersbachtal.de\/cms\/wp-content\/uploads\/2018\/03\/Finou-Lona-Auszug1.jpg\"><img loading=\"lazy\" decoding=\"async\" class=\"aligncenter size-full wp-image-21816\" title=\"Finou-Lona  Auszug1\" src=\"http:\/\/collies-vom-floersbachtal.de\/cms\/wp-content\/uploads\/2018\/03\/Finou-Lona-Auszug1.jpg\" alt=\"\" width=\"1000\" height=\"1086\" srcset=\"https:\/\/collies-vom-floersbachtal.de\/cms\/wp-content\/uploads\/2018\/03\/Finou-Lona-Auszug1.jpg 1000w, https:\/\/collies-vom-floersbachtal.de\/cms\/wp-content\/uploads\/2018\/03\/Finou-Lona-Auszug1-276x300.jpg 276w, https:\/\/collies-vom-floersbachtal.de\/cms\/wp-content\/uploads\/2018\/03\/Finou-Lona-Auszug1-942x1024.jpg 942w\" sizes=\"auto, (max-width: 1000px) 100vw, 1000px\" \/><\/a><\/p>\n<p>Heute Mittag war es dann soweit, unsere kleine Chenoa wurde nach Belgien abgeholt, dort erwartet sie eine\u00a0 s\u00fc\u00dfe trico Collie H\u00fcndin.<a href=\"http:\/\/collies-vom-floersbachtal.de\/cms\/wp-content\/uploads\/2018\/03\/Chenoa-Auszug1.jpg\"><img loading=\"lazy\" decoding=\"async\" class=\"aligncenter size-full wp-image-21815\" title=\"Chenoa Auszug1\" src=\"http:\/\/collies-vom-floersbachtal.de\/cms\/wp-content\/uploads\/2018\/03\/Chenoa-Auszug1.jpg\" alt=\"\" width=\"1000\" height=\"1158\" srcset=\"https:\/\/collies-vom-floersbachtal.de\/cms\/wp-content\/uploads\/2018\/03\/Chenoa-Auszug1.jpg 1000w, https:\/\/collies-vom-floersbachtal.de\/cms\/wp-content\/uploads\/2018\/03\/Chenoa-Auszug1-259x300.jpg 259w, https:\/\/collies-vom-floersbachtal.de\/cms\/wp-content\/uploads\/2018\/03\/Chenoa-Auszug1-884x1024.jpg 884w\" sizes=\"auto, (max-width: 1000px) 100vw, 1000px\" \/><\/a><\/p>\n<p>Heute,\u00a0 gleich in der Fr\u00fch wurde unsere kleine Maus Fiby-Luna von ihren Schwestern in die entgegengesetzte Richtung nach St. Peter Ording gebracht. Dort wird sie ganz doll von ihrem Herrchen S\u00f6nke erwartet.<a href=\"http:\/\/collies-vom-floersbachtal.de\/cms\/wp-content\/uploads\/2018\/03\/Auszug-Fiby-Luna4-63-Tage.jpg\"><img loading=\"lazy\" decoding=\"async\" class=\"aligncenter size-full wp-image-21681\" title=\"Auszug Fiby-Luna4 63 Tage\" src=\"http:\/\/collies-vom-floersbachtal.de\/cms\/wp-content\/uploads\/2018\/03\/Auszug-Fiby-Luna4-63-Tage.jpg\" alt=\"\" width=\"1000\" height=\"1079\" srcset=\"https:\/\/collies-vom-floersbachtal.de\/cms\/wp-content\/uploads\/2018\/03\/Auszug-Fiby-Luna4-63-Tage.jpg 1000w, https:\/\/collies-vom-floersbachtal.de\/cms\/wp-content\/uploads\/2018\/03\/Auszug-Fiby-Luna4-63-Tage-278x300.jpg 278w, https:\/\/collies-vom-floersbachtal.de\/cms\/wp-content\/uploads\/2018\/03\/Auszug-Fiby-Luna4-63-Tage-949x1024.jpg 949w\" sizes=\"auto, (max-width: 1000px) 100vw, 1000px\" \/><\/a><\/p>\n<p>Gestern war es dann soweit, unsere erste s\u00fc\u00dfe Kr\u00f6te zog in die Schweiz zu ihrer Familie, wo sie schon sehns\u00fcchtig in Fraulis Hotel &#8222;Frohsinn&#8220; erwartet wurde. Wir w\u00fcnschen euch allen viel Spa\u00df mit der kleinen Maus.\u00a0<a href=\"http:\/\/collies-vom-floersbachtal.de\/cms\/wp-content\/uploads\/2018\/03\/Auszug-Caramelchen2-62-Tage-alt.jpg\"><img loading=\"lazy\" decoding=\"async\" class=\"aligncenter size-full wp-image-21680\" title=\"Auszug Caramelchen2 62 Tage alt\" src=\"http:\/\/collies-vom-floersbachtal.de\/cms\/wp-content\/uploads\/2018\/03\/Auszug-Caramelchen2-62-Tage-alt.jpg\" alt=\"\" width=\"1000\" height=\"934\" srcset=\"https:\/\/collies-vom-floersbachtal.de\/cms\/wp-content\/uploads\/2018\/03\/Auszug-Caramelchen2-62-Tage-alt.jpg 1000w, https:\/\/collies-vom-floersbachtal.de\/cms\/wp-content\/uploads\/2018\/03\/Auszug-Caramelchen2-62-Tage-alt-300x280.jpg 300w\" sizes=\"auto, (max-width: 1000px) 100vw, 1000px\" \/><\/a><\/p>\n","protected":false},"excerpt":{"rendered":"<p>Wir bedanken uns nochmal bei allen Welpenk\u00e4ufern, f\u00fcr das entgegen gebrachte Vertrauen in uns und unsere Zuchtst\u00e4tte und w\u00fcnschen ein sch\u00f6nes, langes, gl\u00fcckliches Leben mit den Kleinen. Unsere F-chens\u00a0 werden fl\u00fcgge: Hier kommen nun die Bilder unserer W\u00fcrmchen mit ihren &hellip; <a href=\"https:\/\/collies-vom-floersbachtal.de\/?page_id=21678\">Weiterlesen <span class=\"meta-nav\">&rarr;<\/span><\/a><\/p>\n","protected":false},"author":1,"featured_media":0,"parent":0,"menu_order":0,"comment_status":"open","ping_status":"open","template":"","meta":{"footnotes":""},"class_list":["post-21678","page","type-page","status-publish","hentry"],"_links":{"self":[{"href":"https:\/\/collies-vom-floersbachtal.de\/index.php?rest_route=\/wp\/v2\/pages\/21678","targetHints":{"allow":["GET"]}}],"collection":[{"href":"https:\/\/collies-vom-floersbachtal.de\/index.php?rest_route=\/wp\/v2\/pages"}],"about":[{"href":"https:\/\/collies-vom-floersbachtal.de\/index.php?rest_route=\/wp\/v2\/types\/page"}],"author":[{"embeddable":true,"href":"https:\/\/collies-vom-floersbachtal.de\/index.php?rest_route=\/wp\/v2\/users\/1"}],"replies":[{"embeddable":true,"href":"https:\/\/collies-vom-floersbachtal.de\/index.php?rest_route=%2Fwp%2Fv2%2Fcomments&post=21678"}],"version-history":[{"count":8,"href":"https:\/\/collies-vom-floersbachtal.de\/index.php?rest_route=\/wp\/v2\/pages\/21678\/revisions"}],"predecessor-version":[{"id":22096,"href":"https:\/\/collies-vom-floersbachtal.de\/index.php?rest_route=\/wp\/v2\/pages\/21678\/revisions\/22096"}],"wp:attachment":[{"href":"https:\/\/collies-vom-floersbachtal.de\/index.php?rest_route=%2Fwp%2Fv2%2Fmedia&parent=21678"}],"curies":[{"name":"wp","href":"https:\/\/api.w.org\/{rel}","templated":true}]}}

<p><strong>Wir bedanken uns nochmal bei allen Welpenkäufern, für das entgegen gebrachte Vertrauen in uns und unsere Zuchtstätte und wünschen ein schönes, langes, glückliches Leben mit den Kleinen. </strong></p>
<p><strong>Unsere F-chens  werden flügge:</strong></p>
<p><strong>Hier kommen nun die Bilder unserer Würmchen mit ihren neuen Familien.</strong></p>
<p><strong>Heute am 22.03.18</strong> ist unsere letzte kleine Maus Imana-Malou von Jeanny ausgezogen.<a href="http://collies-vom-floersbachtal.de/cms/wp-content/uploads/2018/03/Imana-Malou3-Auszug.jpg"><img loading="lazy" decoding="async" class="aligncenter size-full wp-image-22093" title="Imana-Malou3 Auszug" src="http://collies-vom-floersbachtal.de/cms/wp-content/uploads/2018/03/Imana-Malou3-Auszug.jpg" alt="" width="1000" height="714" srcset="https://collies-vom-floersbachtal.de/cms/wp-content/uploads/2018/03/Imana-Malou3-Auszug.jpg 1000w, https://collies-vom-floersbachtal.de/cms/wp-content/uploads/2018/03/Imana-Malou3-Auszug-300x214.jpg 300w" sizes="auto, (max-width: 1000px) 100vw, 1000px" /></a></p>
<p><strong>Heute am Sonntagmorgen, den 18.03.18</strong> war es dann für Leandra-Masha so weit. Aber , was war das weiße Zeug, wo kam es auf einmal her???  Sie haben auch eine sehr weite Fahrt vor sich, bis in den Spreewald wo sie schon von 3 weiteren Vierbeinern erwartet werden. Drücken wir die Daumen, dass sie gut an kommen.<a href="http://collies-vom-floersbachtal.de/cms/wp-content/uploads/2018/03/Auszug-Leandra-Masha3.jpg"><img loading="lazy" decoding="async" class="aligncenter size-full wp-image-21855" title="Auszug Leandra-Masha3" src="http://collies-vom-floersbachtal.de/cms/wp-content/uploads/2018/03/Auszug-Leandra-Masha3.jpg" alt="" width="1000" height="1291" srcset="https://collies-vom-floersbachtal.de/cms/wp-content/uploads/2018/03/Auszug-Leandra-Masha3.jpg 1000w, https://collies-vom-floersbachtal.de/cms/wp-content/uploads/2018/03/Auszug-Leandra-Masha3-232x300.jpg 232w, https://collies-vom-floersbachtal.de/cms/wp-content/uploads/2018/03/Auszug-Leandra-Masha3-793x1024.jpg 793w" sizes="auto, (max-width: 1000px) 100vw, 1000px" /></a></p>
<p>Danach kam die neue Familie für unsere süße Ausbrecherin Finou-Lona um mit ihr nach Ammerbuch aufzubrechen.<a href="http://collies-vom-floersbachtal.de/cms/wp-content/uploads/2018/03/Finou-Lona-Auszug1.jpg"><img loading="lazy" decoding="async" class="aligncenter size-full wp-image-21816" title="Finou-Lona  Auszug1" src="http://collies-vom-floersbachtal.de/cms/wp-content/uploads/2018/03/Finou-Lona-Auszug1.jpg" alt="" width="1000" height="1086" srcset="https://collies-vom-floersbachtal.de/cms/wp-content/uploads/2018/03/Finou-Lona-Auszug1.jpg 1000w, https://collies-vom-floersbachtal.de/cms/wp-content/uploads/2018/03/Finou-Lona-Auszug1-276x300.jpg 276w, https://collies-vom-floersbachtal.de/cms/wp-content/uploads/2018/03/Finou-Lona-Auszug1-942x1024.jpg 942w" sizes="auto, (max-width: 1000px) 100vw, 1000px" /></a></p>
<p>Heute Mittag war es dann soweit, unsere kleine Chenoa wurde nach Belgien abgeholt, dort erwartet sie eine  süße trico Collie Hündin.<a href="http://collies-vom-floersbachtal.de/cms/wp-content/uploads/2018/03/Chenoa-Auszug1.jpg"><img loading="lazy" decoding="async" class="aligncenter size-full wp-image-21815" title="Chenoa Auszug1" src="http://collies-vom-floersbachtal.de/cms/wp-content/uploads/2018/03/Chenoa-Auszug1.jpg" alt="" width="1000" height="1158" srcset="https://collies-vom-floersbachtal.de/cms/wp-content/uploads/2018/03/Chenoa-Auszug1.jpg 1000w, https://collies-vom-floersbachtal.de/cms/wp-content/uploads/2018/03/Chenoa-Auszug1-259x300.jpg 259w, https://collies-vom-floersbachtal.de/cms/wp-content/uploads/2018/03/Chenoa-Auszug1-884x1024.jpg 884w" sizes="auto, (max-width: 1000px) 100vw, 1000px" /></a></p>
<p>Heute,  gleich in der Früh wurde unsere kleine Maus Fiby-Luna von ihren Schwestern in die entgegengesetzte Richtung nach St. Peter Ording gebracht. Dort wird sie ganz doll von ihrem Herrchen Sönke erwartet.<a href="http://collies-vom-floersbachtal.de/cms/wp-content/uploads/2018/03/Auszug-Fiby-Luna4-63-Tage.jpg"><img loading="lazy" decoding="async" class="aligncenter size-full wp-image-21681" title="Auszug Fiby-Luna4 63 Tage" src="http://collies-vom-floersbachtal.de/cms/wp-content/uploads/2018/03/Auszug-Fiby-Luna4-63-Tage.jpg" alt="" width="1000" height="1079" srcset="https://collies-vom-floersbachtal.de/cms/wp-content/uploads/2018/03/Auszug-Fiby-Luna4-63-Tage.jpg 1000w, https://collies-vom-floersbachtal.de/cms/wp-content/uploads/2018/03/Auszug-Fiby-Luna4-63-Tage-278x300.jpg 278w, https://collies-vom-floersbachtal.de/cms/wp-content/uploads/2018/03/Auszug-Fiby-Luna4-63-Tage-949x1024.jpg 949w" sizes="auto, (max-width: 1000px) 100vw, 1000px" /></a></p>
<p>Gestern war es dann soweit, unsere erste süße Kröte zog in die Schweiz zu ihrer Familie, wo sie schon sehnsüchtig in Fraulis Hotel &#8222;Frohsinn&#8220; erwartet wurde. Wir wünschen euch allen viel Spaß mit der kleinen Maus. <a href="http://collies-vom-floersbachtal.de/cms/wp-content/uploads/2018/03/Auszug-Caramelchen2-62-Tage-alt.jpg"><img loading="lazy" decoding="async" class="aligncenter size-full wp-image-21680" title="Auszug Caramelchen2 62 Tage alt" src="http://collies-vom-floersbachtal.de/cms/wp-content/uploads/2018/03/Auszug-Caramelchen2-62-Tage-alt.jpg" alt="" width="1000" height="934" srcset="https://collies-vom-floersbachtal.de/cms/wp-content/uploads/2018/03/Auszug-Caramelchen2-62-Tage-alt.jpg 1000w, https://collies-vom-floersbachtal.de/cms/wp-content/uploads/2018/03/Auszug-Caramelchen2-62-Tage-alt-300x280.jpg 300w" sizes="auto, (max-width: 1000px) 100vw, 1000px" /></a></p>

<p>Wir bedanken uns nochmal bei allen Welpenkäufern, für das entgegen gebrachte Vertrauen in uns und unsere Zuchtstätte und wünschen ein schönes, langes, glückliches Leben mit den Kleinen. Unsere F-chens  werden flügge: Hier kommen nun die Bilder unserer Würmchen mit ihren &hellip; <a href="https://collies-vom-floersbachtal.de/?page_id=21678">Weiterlesen <span class="meta-nav">&rarr;</span></a></p>
