{"id":1792,"date":"2012-06-16T20:10:54","date_gmt":"2012-06-16T20:10:54","guid":{"rendered":"http:\/\/collies-vom-floersbachtal.de\/?page_id=1792"},"modified":"2022-09-26T12:32:21","modified_gmt":"2022-09-26T12:32:21","slug":"welpen-b-wurf","status":"publish","type":"page","link":"https:\/\/collies-vom-floersbachtal.de\/?page_id=1792","title":{"rendered":"Welpen B &#8211; Wurf"},"content":{"rendered":"<p><a href=\"http:\/\/collies-vom-floersbachtal.de\/cms\/wp-content\/uploads\/2011\/11\/baby_collie.gif\"><img loading=\"lazy\" decoding=\"async\" class=\"alignleft size-full wp-image-217\" title=\"Welpe\" src=\"http:\/\/collies-vom-floersbachtal.de\/cms\/wp-content\/uploads\/2011\/11\/baby_collie.gif\" alt=\"\" width=\"57\" height=\"44\"><\/a><\/p>\n<p><span style=\"color: #ff0000;\"><strong>Alle Welpen haben ein sch\u00f6nes Zuhause gefunden<\/strong><\/span><\/p>\n<p>Wir bedanken uns als Z\u00fcchter nochmals bei allen Welpenk\u00e4ufer f\u00fcr das uns entgegen gebrachte Vertrauen. Und w\u00fcnschen viel Spa\u00df und Freunde, sowie Gesundheit und ein langes Leben mit den kleinen Langnasen.<\/p>\n<p><strong>Juhu wir haben es geschafft!&nbsp; Die stolzen Eltern unseres B-Wurfes vom 12.07.2012&nbsp;<strong>sind:<\/strong><\/strong><\/p>\n<p><strong><span style=\"color: #ff0000;\">22. Juni bis 22. Juli<\/span><\/strong><br \/>\n<strong><span style=\"color: #ff0000;\">Krebs ein f\u00fcrsorgliches Sensibelchen.<\/span>&nbsp;<\/strong><\/p>\n<p><strong>Bei einem Krebs-Hund sollten Sie ein Gesp\u00fcr f\u00fcr seine Bed\u00fcrfnisse haben. Andererseits gibt es keinen anderen Hund unter den Tierkreiszeichen, der Sie so gut verstehen kann wie er. Seine feinen Antennen nehmen jede noch so kleinste emotionale Stimmungsschwankung bei Ihnen wahr. Er wird Sie tr\u00f6sten und mit Aufmerksamkeit bedecken. Lassen Sie ihn gew\u00e4hren, denn er braucht das \u2013 sich Sorgen um Sie zu machen. F\u00fcr einen Krebs-Hund ist es enorm wichtig, dass er mit Takt und Zartgef\u00fchl behandelt wird. Ansonsten zieht er sich schmollend und zutiefst verletzt in seine Ecke zur\u00fcck und straft Sie mit Nichtbeachtung. Erkl\u00e4ren Sie ihm Ihre Handlungsweise, lassen Sie ihn Anteil nehmen an Ihren Entscheidungen. Die Sicherheit seines Familienlebens ist ihm sehr wichtig und sobald er die Gewissheit versp\u00fcrt, zu Ihnen zu geh\u00f6ren, ist Ihnen seine Zuneigung auf ewig gewiss. Er braucht seinen eigenen Bereich, in dem er es sich gem\u00fctlich machen kann. Und aus der Sicherung von Tradition und Bewahrung des Alten, wird er Neuerungen in seiner Umgebung ablehnen. Er liebt das Alte \u2013 abgenagte Knochen, muffige Pantoffel, zerbissenes Spielzeug. Lassen Sie es ihm! H\u00f6ren Sie auf die \u201einnere Stimme\u201c Ihres Hundes. Ein Krebs-Hund hat ein sehr gutes Ged\u00e4chtnis und wird sie vor Gefahren rechtzeitig warnen.<\/strong><\/p>\n<p><a href=\"http:\/\/collies-vom-floersbachtal.de\/cms\/wp-content\/uploads\/2012\/06\/Ginger-mit-16-Monaten2.jpg\"><img loading=\"lazy\" decoding=\"async\" class=\"alignleft size-full wp-image-3202\" title=\"Ginger mit 16 Monaten2\" src=\"http:\/\/collies-vom-floersbachtal.de\/cms\/wp-content\/uploads\/2012\/06\/Ginger-mit-16-Monaten2.jpg\" alt=\"\" width=\"1000\" height=\"848\" srcset=\"https:\/\/collies-vom-floersbachtal.de\/cms\/wp-content\/uploads\/2012\/06\/Ginger-mit-16-Monaten2.jpg 1000w, https:\/\/collies-vom-floersbachtal.de\/cms\/wp-content\/uploads\/2012\/06\/Ginger-mit-16-Monaten2-300x254.jpg 300w\" sizes=\"auto, (max-width: 1000px) 100vw, 1000px\" \/><\/a><\/p>\n<p><strong>Alice from the green Valley, genannt <strong>GINGER<\/strong>, geboren am 22.10.2010,<br \/>\n<strong>tricolor, zur Zucht zugelassen, 60,2 cm, 24,4 kg.<\/strong><br \/>\n<span style=\"color: #ff0000;\">MDR1&nbsp;&nbsp;&nbsp;&nbsp;&nbsp; +\/- carrier,&nbsp;&nbsp;&nbsp;&nbsp;&nbsp;&nbsp;&nbsp;&nbsp;&nbsp;&nbsp; ( Laboklin )<\/span><br \/>\n<span style=\"color: #ff0000;\"> CEA\/CH&nbsp; +\/- carrier,&nbsp;&nbsp;&nbsp;&nbsp;&nbsp;&nbsp;&nbsp;&nbsp;&nbsp;&nbsp; (Optigen NY),<\/span><br \/>\n<span style=\"color: #ff0000;\"> DM&nbsp;&nbsp;&nbsp;&nbsp;&nbsp;&nbsp;&nbsp;&nbsp;&nbsp;&nbsp; +\/+ non carrier,&nbsp; (Laboklin),<\/span><br \/>\n<span style=\"color: #ff0000;\"> GCS&nbsp;&nbsp;&nbsp;&nbsp;&nbsp;&nbsp;&nbsp;&nbsp;&nbsp; +\/+ non carrier,&nbsp; (Laboklin),<\/span><\/strong><br \/>\n<strong><span style=\"color: #ff0000;\">PRA&nbsp;&nbsp;&nbsp;&nbsp;&nbsp;&nbsp;&nbsp;&nbsp;&nbsp; +\/+ non carrier,&nbsp; (Optigen NY)<\/span><\/strong><br \/>\n<strong><span style=\"color: #ff0000;\">CEA, rcd2, KATH frei,&nbsp;&nbsp;&nbsp;&nbsp;&nbsp;&nbsp;&nbsp;&nbsp; (mit 8 Wochen, DOK),<\/span><br \/>\n<span style=\"color: #ff0000;\"> DNA Profil vorhanden<\/span><br \/>\n<span style=\"color: #ff0000;\"> HD\/ED frei,<\/span><br \/>\nvollzahniges Scherengebiss,<\/strong><\/p>\n<p><strong>Ginger ist somit frei von allen Gendefekten<\/strong><br \/>\n<a href=\"http:\/\/collies-vom-floersbachtal.de\/cms\/wp-content\/uploads\/2012\/06\/Cisano-1.jpg\"><img loading=\"lazy\" decoding=\"async\" class=\"alignleft size-full wp-image-3425\" title=\"Cisano 1\" src=\"http:\/\/collies-vom-floersbachtal.de\/cms\/wp-content\/uploads\/2012\/06\/Cisano-1.jpg\" alt=\"\" width=\"800\" height=\"974\" srcset=\"https:\/\/collies-vom-floersbachtal.de\/cms\/wp-content\/uploads\/2012\/06\/Cisano-1.jpg 800w, https:\/\/collies-vom-floersbachtal.de\/cms\/wp-content\/uploads\/2012\/06\/Cisano-1-246x300.jpg 246w\" sizes=\"auto, (max-width: 800px) 100vw, 800px\" \/><\/a><\/p>\n<p><strong>Ceanu Cisano of <strong>collieparadise, <\/strong>genannt Cisano, geboren am 31.12.09,<br \/>\nblue &#8211; merle, zur Zucht zugelassen, 63 cm<\/strong><\/p>\n<p><strong><span style=\"color: #ff0000;\">MDR1&nbsp;&nbsp;&nbsp;&nbsp;&nbsp;&nbsp;&nbsp;&nbsp;+\/-&nbsp;&nbsp;&nbsp; carrier,&nbsp;&nbsp;&nbsp;&nbsp;&nbsp;&nbsp;&nbsp; (Eltern)<\/span><br \/>\n<span style=\"color: #ff0000;\"> CEA\/CH &nbsp; +\/+&nbsp;&nbsp; non carrier&nbsp; (Optigen NY),<\/span><br \/>\n<span style=\"color: #ff0000;\">DM &nbsp; &nbsp; &nbsp; &nbsp; &nbsp; &nbsp;+\/+&nbsp; non carrier &nbsp; (Laboklin)<\/span><br \/>\n<span style=\"color: #ff0000;\"> PRA\/KATH frei&nbsp;&nbsp;&nbsp;&nbsp;&nbsp;&nbsp;&nbsp;&nbsp;&nbsp;&nbsp;&nbsp;&nbsp;&nbsp;&nbsp;&nbsp;&nbsp;&nbsp;&nbsp;&nbsp;&nbsp;&nbsp;&nbsp; (DOK),<\/span><br \/>\n<span style=\"color: #ff0000;\">HD\/ED (O) frei,<\/span><br \/>\n<\/strong><br \/>\n<strong>vollzahniges Scherengebiss<\/strong><\/p>\n<p><strong>Cisano ist somit frei von allen Gendefekten!<\/strong><br \/>\nUnser B \u2013 Wurf ist am 12.07.2012 etwas verfr\u00fcht, aber v\u00f6llig ohne Probleme gelandet. Die Mama hat alles sehr souver\u00e4n gemeistert.<\/p>\n<p><strong>Auf Grund der Eltern Gesundheitswerte sind die Babys alle CEA und DM non carrier, oder carrier (also frei), sowie PRA\/KATH frei (siehe Wurf\/Deckmeldung) <\/strong><\/p>\n<p><span style=\"color: #800000;\">Ab dem 27.07.2012 laden die Babys alle Interessenten zur Audienz!<\/span><\/p>\n<p>Wir nehmen gerne fr\u00fchzeitige Reservierungen entgegen.&nbsp; Auch f\u00fcr vorreservierte Babys k\u00f6nnen noch Anfragen angenommen werden.&nbsp; Erst nachdem&nbsp; Vermerk &#8220; VERGEBEN &#8220;&nbsp; nehmen wir keine Anfragen f\u00fcr das Baby mehr an.<\/p>\n<p>Unsere 2 Buben und 7 M\u00e4dels halten hier jetzt alle auf Trab!!!&nbsp; 1 Bub hat es leider nicht geschafft. \ud83d\ude41<\/p>\n<p><strong>Es sind 1\/2 blue-merle, 1\/5 Tricolor<\/strong><br \/>\n<a href=\"http:\/\/collies-vom-floersbachtal.de\/cms\/wp-content\/uploads\/2012\/06\/B-Wurf-geboren.jpg\"><img loading=\"lazy\" decoding=\"async\" class=\"aligncenter size-full wp-image-5027\" title=\"B-Wurf  geboren\" src=\"http:\/\/collies-vom-floersbachtal.de\/cms\/wp-content\/uploads\/2012\/06\/B-Wurf-geboren.jpg\" alt=\"\" width=\"1000\" height=\"667\" srcset=\"https:\/\/collies-vom-floersbachtal.de\/cms\/wp-content\/uploads\/2012\/06\/B-Wurf-geboren.jpg 1000w, https:\/\/collies-vom-floersbachtal.de\/cms\/wp-content\/uploads\/2012\/06\/B-Wurf-geboren-300x200.jpg 300w\" sizes=\"auto, (max-width: 1000px) 100vw, 1000px\" \/><\/a><a href=\"http:\/\/collies-vom-floersbachtal.de\/cms\/wp-content\/uploads\/2012\/06\/B-Wurf-1-mit-8-Wochen.jpg\"><img loading=\"lazy\" decoding=\"async\" class=\"aligncenter size-full wp-image-17236\" title=\"B-Wurf 1 mit 8 Wochen\" src=\"http:\/\/collies-vom-floersbachtal.de\/cms\/wp-content\/uploads\/2012\/06\/B-Wurf-1-mit-8-Wochen.jpg\" alt=\"\" width=\"1000\" height=\"667\" srcset=\"https:\/\/collies-vom-floersbachtal.de\/cms\/wp-content\/uploads\/2012\/06\/B-Wurf-1-mit-8-Wochen.jpg 1000w, https:\/\/collies-vom-floersbachtal.de\/cms\/wp-content\/uploads\/2012\/06\/B-Wurf-1-mit-8-Wochen-300x200.jpg 300w\" sizes=\"auto, (max-width: 1000px) 100vw, 1000px\" \/><\/a><a href=\"http:\/\/collies-vom-floersbachtal.de\/cms\/wp-content\/uploads\/2012\/06\/B-Wurf-2-mit-8-Wochen.jpg\"><img loading=\"lazy\" decoding=\"async\" class=\"aligncenter size-full wp-image-17237\" title=\"B-Wurf 2 mit 8 Wochen\" src=\"http:\/\/collies-vom-floersbachtal.de\/cms\/wp-content\/uploads\/2012\/06\/B-Wurf-2-mit-8-Wochen.jpg\" alt=\"\" width=\"1000\" height=\"667\" srcset=\"https:\/\/collies-vom-floersbachtal.de\/cms\/wp-content\/uploads\/2012\/06\/B-Wurf-2-mit-8-Wochen.jpg 1000w, https:\/\/collies-vom-floersbachtal.de\/cms\/wp-content\/uploads\/2012\/06\/B-Wurf-2-mit-8-Wochen-300x200.jpg 300w\" sizes=\"auto, (max-width: 1000px) 100vw, 1000px\" \/><\/a><a href=\"http:\/\/collies-vom-floersbachtal.de\/cms\/wp-content\/uploads\/2012\/06\/B-Wurf-3-mit-8-Wochen.jpg\"><img loading=\"lazy\" decoding=\"async\" class=\"aligncenter size-full wp-image-17238\" title=\"B-Wurf 3 mit 8 Wochen\" src=\"http:\/\/collies-vom-floersbachtal.de\/cms\/wp-content\/uploads\/2012\/06\/B-Wurf-3-mit-8-Wochen.jpg\" alt=\"\" width=\"1000\" height=\"667\" srcset=\"https:\/\/collies-vom-floersbachtal.de\/cms\/wp-content\/uploads\/2012\/06\/B-Wurf-3-mit-8-Wochen.jpg 1000w, https:\/\/collies-vom-floersbachtal.de\/cms\/wp-content\/uploads\/2012\/06\/B-Wurf-3-mit-8-Wochen-300x200.jpg 300w\" sizes=\"auto, (max-width: 1000px) 100vw, 1000px\" \/><\/a><a href=\"http:\/\/collies-vom-floersbachtal.de\/cms\/wp-content\/uploads\/2012\/06\/B-Wurf-4-mit-8-Wochen.jpg\"><img loading=\"lazy\" decoding=\"async\" class=\"aligncenter size-full wp-image-17239\" title=\"B-Wurf 4 mit 8 Wochen\" src=\"http:\/\/collies-vom-floersbachtal.de\/cms\/wp-content\/uploads\/2012\/06\/B-Wurf-4-mit-8-Wochen.jpg\" alt=\"\" width=\"1000\" height=\"465\" srcset=\"https:\/\/collies-vom-floersbachtal.de\/cms\/wp-content\/uploads\/2012\/06\/B-Wurf-4-mit-8-Wochen.jpg 1000w, https:\/\/collies-vom-floersbachtal.de\/cms\/wp-content\/uploads\/2012\/06\/B-Wurf-4-mit-8-Wochen-300x139.jpg 300w\" sizes=\"auto, (max-width: 1000px) 100vw, 1000px\" \/><\/a><a href=\"http:\/\/collies-vom-floersbachtal.de\/cms\/wp-content\/uploads\/2012\/06\/B-Wurf-5-mit-8-Wochen.jpg\"><img loading=\"lazy\" decoding=\"async\" class=\"aligncenter size-full wp-image-17240\" title=\"B-Wurf 5 mit 8 Wochen\" src=\"http:\/\/collies-vom-floersbachtal.de\/cms\/wp-content\/uploads\/2012\/06\/B-Wurf-5-mit-8-Wochen.jpg\" alt=\"\" width=\"1000\" height=\"667\" srcset=\"https:\/\/collies-vom-floersbachtal.de\/cms\/wp-content\/uploads\/2012\/06\/B-Wurf-5-mit-8-Wochen.jpg 1000w, https:\/\/collies-vom-floersbachtal.de\/cms\/wp-content\/uploads\/2012\/06\/B-Wurf-5-mit-8-Wochen-300x200.jpg 300w\" sizes=\"auto, (max-width: 1000px) 100vw, 1000px\" \/><\/a><a href=\"http:\/\/collies-vom-floersbachtal.de\/cms\/wp-content\/uploads\/2012\/06\/B-Wurf-6-mit-8-Wochen.jpg\"><img loading=\"lazy\" decoding=\"async\" class=\"aligncenter size-full wp-image-17241\" title=\"B-Wurf 6 mit 8 Wochen\" src=\"http:\/\/collies-vom-floersbachtal.de\/cms\/wp-content\/uploads\/2012\/06\/B-Wurf-6-mit-8-Wochen.jpg\" alt=\"\" width=\"1000\" height=\"667\" srcset=\"https:\/\/collies-vom-floersbachtal.de\/cms\/wp-content\/uploads\/2012\/06\/B-Wurf-6-mit-8-Wochen.jpg 1000w, https:\/\/collies-vom-floersbachtal.de\/cms\/wp-content\/uploads\/2012\/06\/B-Wurf-6-mit-8-Wochen-300x200.jpg 300w\" sizes=\"auto, (max-width: 1000px) 100vw, 1000px\" \/><\/a><a href=\"http:\/\/collies-vom-floersbachtal.de\/cms\/wp-content\/uploads\/2012\/06\/B-Wurf-7-mit-8-Wochen.jpg\"><img loading=\"lazy\" decoding=\"async\" class=\"aligncenter size-full wp-image-17242\" title=\"B-Wurf 7 mit 8 Wochen\" src=\"http:\/\/collies-vom-floersbachtal.de\/cms\/wp-content\/uploads\/2012\/06\/B-Wurf-7-mit-8-Wochen.jpg\" alt=\"\" width=\"1000\" height=\"517\" srcset=\"https:\/\/collies-vom-floersbachtal.de\/cms\/wp-content\/uploads\/2012\/06\/B-Wurf-7-mit-8-Wochen.jpg 1000w, https:\/\/collies-vom-floersbachtal.de\/cms\/wp-content\/uploads\/2012\/06\/B-Wurf-7-mit-8-Wochen-300x155.jpg 300w\" sizes=\"auto, (max-width: 1000px) 100vw, 1000px\" \/><\/a><a href=\"http:\/\/collies-vom-floersbachtal.de\/cms\/wp-content\/uploads\/2012\/06\/B-Wurf-Barina1-mit-8-Wochen.jpg\"><img loading=\"lazy\" decoding=\"async\" class=\"aligncenter size-full wp-image-17243\" title=\"B-Wurf Barina1 mit 8 Wochen\" src=\"http:\/\/collies-vom-floersbachtal.de\/cms\/wp-content\/uploads\/2012\/06\/B-Wurf-Barina1-mit-8-Wochen.jpg\" alt=\"\" width=\"1000\" height=\"770\" srcset=\"https:\/\/collies-vom-floersbachtal.de\/cms\/wp-content\/uploads\/2012\/06\/B-Wurf-Barina1-mit-8-Wochen.jpg 1000w, https:\/\/collies-vom-floersbachtal.de\/cms\/wp-content\/uploads\/2012\/06\/B-Wurf-Barina1-mit-8-Wochen-300x231.jpg 300w\" sizes=\"auto, (max-width: 1000px) 100vw, 1000px\" \/><\/a><a href=\"http:\/\/collies-vom-floersbachtal.de\/cms\/wp-content\/uploads\/2012\/06\/B-Wurf-Bonny1-mit-8-Wochen.jpg\"><img loading=\"lazy\" decoding=\"async\" class=\"aligncenter size-full wp-image-17244\" title=\"B-Wurf Bonny1 mit 8 Wochen\" src=\"http:\/\/collies-vom-floersbachtal.de\/cms\/wp-content\/uploads\/2012\/06\/B-Wurf-Bonny1-mit-8-Wochen.jpg\" alt=\"\" width=\"1000\" height=\"510\" srcset=\"https:\/\/collies-vom-floersbachtal.de\/cms\/wp-content\/uploads\/2012\/06\/B-Wurf-Bonny1-mit-8-Wochen.jpg 1000w, https:\/\/collies-vom-floersbachtal.de\/cms\/wp-content\/uploads\/2012\/06\/B-Wurf-Bonny1-mit-8-Wochen-300x153.jpg 300w\" sizes=\"auto, (max-width: 1000px) 100vw, 1000px\" \/><\/a><a href=\"http:\/\/collies-vom-floersbachtal.de\/cms\/wp-content\/uploads\/2012\/06\/B-Wurf-Bonny2-mit-8-Wochen.jpg\"><img loading=\"lazy\" decoding=\"async\" class=\"aligncenter size-full wp-image-17245\" title=\"B-Wurf Bonny2 mit 8 Wochen\" src=\"http:\/\/collies-vom-floersbachtal.de\/cms\/wp-content\/uploads\/2012\/06\/B-Wurf-Bonny2-mit-8-Wochen.jpg\" alt=\"\" width=\"1000\" height=\"806\" srcset=\"https:\/\/collies-vom-floersbachtal.de\/cms\/wp-content\/uploads\/2012\/06\/B-Wurf-Bonny2-mit-8-Wochen.jpg 1000w, https:\/\/collies-vom-floersbachtal.de\/cms\/wp-content\/uploads\/2012\/06\/B-Wurf-Bonny2-mit-8-Wochen-300x241.jpg 300w\" sizes=\"auto, (max-width: 1000px) 100vw, 1000px\" \/><\/a><a href=\"http:\/\/collies-vom-floersbachtal.de\/cms\/wp-content\/uploads\/2012\/06\/B-Wurf-Baxter1-mit-8-Wochen.jpg\"><img loading=\"lazy\" decoding=\"async\" class=\"aligncenter size-full wp-image-17246\" title=\"B-Wurf Baxter1 mit 8 Wochen\" src=\"http:\/\/collies-vom-floersbachtal.de\/cms\/wp-content\/uploads\/2012\/06\/B-Wurf-Baxter1-mit-8-Wochen.jpg\" alt=\"\" width=\"1000\" height=\"667\" srcset=\"https:\/\/collies-vom-floersbachtal.de\/cms\/wp-content\/uploads\/2012\/06\/B-Wurf-Baxter1-mit-8-Wochen.jpg 1000w, https:\/\/collies-vom-floersbachtal.de\/cms\/wp-content\/uploads\/2012\/06\/B-Wurf-Baxter1-mit-8-Wochen-300x200.jpg 300w\" sizes=\"auto, (max-width: 1000px) 100vw, 1000px\" \/><\/a><a href=\"http:\/\/collies-vom-floersbachtal.de\/cms\/wp-content\/uploads\/2012\/06\/B-Wurf-Bella-Mia1-mit-8-Wochen.jpg\"><img loading=\"lazy\" decoding=\"async\" class=\"aligncenter size-full wp-image-17247\" title=\"B-Wurf Bella Mia1 mit 8 Wochen\" src=\"http:\/\/collies-vom-floersbachtal.de\/cms\/wp-content\/uploads\/2012\/06\/B-Wurf-Bella-Mia1-mit-8-Wochen.jpg\" alt=\"\" width=\"1000\" height=\"667\" srcset=\"https:\/\/collies-vom-floersbachtal.de\/cms\/wp-content\/uploads\/2012\/06\/B-Wurf-Bella-Mia1-mit-8-Wochen.jpg 1000w, https:\/\/collies-vom-floersbachtal.de\/cms\/wp-content\/uploads\/2012\/06\/B-Wurf-Bella-Mia1-mit-8-Wochen-300x200.jpg 300w\" sizes=\"auto, (max-width: 1000px) 100vw, 1000px\" \/><\/a><a href=\"http:\/\/collies-vom-floersbachtal.de\/cms\/wp-content\/uploads\/2012\/06\/B-Wurf-Baxters-3.-Geb.-1.jpg\"><img loading=\"lazy\" decoding=\"async\" class=\"aligncenter size-full wp-image-17248\" title=\"B-Wurf Baxters 3. Geb. 1\" src=\"http:\/\/collies-vom-floersbachtal.de\/cms\/wp-content\/uploads\/2012\/06\/B-Wurf-Baxters-3.-Geb.-1.jpg\" alt=\"\" width=\"1000\" height=\"702\" srcset=\"https:\/\/collies-vom-floersbachtal.de\/cms\/wp-content\/uploads\/2012\/06\/B-Wurf-Baxters-3.-Geb.-1.jpg 1000w, https:\/\/collies-vom-floersbachtal.de\/cms\/wp-content\/uploads\/2012\/06\/B-Wurf-Baxters-3.-Geb.-1-300x210.jpg 300w\" sizes=\"auto, (max-width: 1000px) 100vw, 1000px\" \/><\/a><a href=\"http:\/\/collies-vom-floersbachtal.de\/cms\/wp-content\/uploads\/2012\/06\/B-Wurf-9-Wochen1.jpg\"><img loading=\"lazy\" decoding=\"async\" class=\"aligncenter size-full wp-image-17249\" title=\"B-Wurf 9 Wochen1\" src=\"http:\/\/collies-vom-floersbachtal.de\/cms\/wp-content\/uploads\/2012\/06\/B-Wurf-9-Wochen1.jpg\" alt=\"\" width=\"1000\" height=\"667\" srcset=\"https:\/\/collies-vom-floersbachtal.de\/cms\/wp-content\/uploads\/2012\/06\/B-Wurf-9-Wochen1.jpg 1000w, https:\/\/collies-vom-floersbachtal.de\/cms\/wp-content\/uploads\/2012\/06\/B-Wurf-9-Wochen1-300x200.jpg 300w\" sizes=\"auto, (max-width: 1000px) 100vw, 1000px\" \/><\/a><a href=\"http:\/\/collies-vom-floersbachtal.de\/cms\/wp-content\/uploads\/2012\/06\/B-Wurf-alle-8-beim-fressen.jpg\"><img loading=\"lazy\" decoding=\"async\" class=\"aligncenter size-full wp-image-17251\" title=\"B-Wurf alle 8 beim fressen\" src=\"http:\/\/collies-vom-floersbachtal.de\/cms\/wp-content\/uploads\/2012\/06\/B-Wurf-alle-8-beim-fressen.jpg\" alt=\"\" width=\"1000\" height=\"667\" srcset=\"https:\/\/collies-vom-floersbachtal.de\/cms\/wp-content\/uploads\/2012\/06\/B-Wurf-alle-8-beim-fressen.jpg 1000w, https:\/\/collies-vom-floersbachtal.de\/cms\/wp-content\/uploads\/2012\/06\/B-Wurf-alle-8-beim-fressen-300x200.jpg 300w\" sizes=\"auto, (max-width: 1000px) 100vw, 1000px\" \/><\/a><a href=\"http:\/\/collies-vom-floersbachtal.de\/cms\/wp-content\/uploads\/2012\/06\/B-Wurfkiste1.jpg\"><img loading=\"lazy\" decoding=\"async\" class=\"aligncenter size-full wp-image-17253\" title=\"B-Wurfkiste1\" src=\"http:\/\/collies-vom-floersbachtal.de\/cms\/wp-content\/uploads\/2012\/06\/B-Wurfkiste1.jpg\" alt=\"\" width=\"1000\" height=\"365\" srcset=\"https:\/\/collies-vom-floersbachtal.de\/cms\/wp-content\/uploads\/2012\/06\/B-Wurfkiste1.jpg 1000w, https:\/\/collies-vom-floersbachtal.de\/cms\/wp-content\/uploads\/2012\/06\/B-Wurfkiste1-300x109.jpg 300w\" sizes=\"auto, (max-width: 1000px) 100vw, 1000px\" \/><\/a><strong>Sch\u00f6ne Inspirationen von den B-chens mit 8 Wochen, alle weiteren Entwicklungen sind auf den jeweiligen Nachzuchtseiten zu sehen.:-P<\/strong><\/p>\n","protected":false},"excerpt":{"rendered":"<p>Alle Welpen haben ein sch\u00f6nes Zuhause gefunden Wir bedanken uns als Z\u00fcchter nochmals bei allen Welpenk\u00e4ufer f\u00fcr das uns entgegen gebrachte Vertrauen. Und w\u00fcnschen viel Spa\u00df und Freunde, sowie Gesundheit und ein langes Leben mit den kleinen Langnasen. Juhu wir &hellip; <a href=\"https:\/\/collies-vom-floersbachtal.de\/?page_id=1792\">Weiterlesen <span class=\"meta-nav\">&rarr;<\/span><\/a><\/p>\n","protected":false},"author":1,"featured_media":0,"parent":0,"menu_order":0,"comment_status":"open","ping_status":"open","template":"","meta":{"footnotes":""},"class_list":["post-1792","page","type-page","status-publish","hentry"],"_links":{"self":[{"href":"https:\/\/collies-vom-floersbachtal.de\/index.php?rest_route=\/wp\/v2\/pages\/1792","targetHints":{"allow":["GET"]}}],"collection":[{"href":"https:\/\/collies-vom-floersbachtal.de\/index.php?rest_route=\/wp\/v2\/pages"}],"about":[{"href":"https:\/\/collies-vom-floersbachtal.de\/index.php?rest_route=\/wp\/v2\/types\/page"}],"author":[{"embeddable":true,"href":"https:\/\/collies-vom-floersbachtal.de\/index.php?rest_route=\/wp\/v2\/users\/1"}],"replies":[{"embeddable":true,"href":"https:\/\/collies-vom-floersbachtal.de\/index.php?rest_route=%2Fwp%2Fv2%2Fcomments&post=1792"}],"version-history":[{"count":193,"href":"https:\/\/collies-vom-floersbachtal.de\/index.php?rest_route=\/wp\/v2\/pages\/1792\/revisions"}],"predecessor-version":[{"id":37250,"href":"https:\/\/collies-vom-floersbachtal.de\/index.php?rest_route=\/wp\/v2\/pages\/1792\/revisions\/37250"}],"wp:attachment":[{"href":"https:\/\/collies-vom-floersbachtal.de\/index.php?rest_route=%2Fwp%2Fv2%2Fmedia&parent=1792"}],"curies":[{"name":"wp","href":"https:\/\/api.w.org\/{rel}","templated":true}]}}