{"id":16707,"date":"2016-03-23T16:36:42","date_gmt":"2016-03-23T16:36:42","guid":{"rendered":"http:\/\/collies-vom-floersbachtal.de\/?page_id=16707"},"modified":"2024-08-01T13:12:56","modified_gmt":"2024-08-01T13:12:56","slug":"nachzucht-e-wurf-evangeline-star-eve","status":"publish","type":"page","link":"https:\/\/collies-vom-floersbachtal.de\/?page_id=16707","title":{"rendered":"Nachzucht E &#8211; Wurf Evangeline Star ( Eve ) verstorben :-("},"content":{"rendered":"<h1>\u00a0 \u00a0 \u00a0 \u00a0 \u00a0 \u00a0 \u00a0 \u00a0 \u00a0 \u00a0 \u00a0 \u00a0 10.01.2016\u00a0 &#8211; 28.10.2022<a href=\"https:\/\/collies-vom-floersbachtal.de\/?attachment_id=37687\" rel=\"attachment wp-att-37687\"><img loading=\"lazy\" decoding=\"async\" class=\"aligncenter size-full wp-image-37687\" src=\"http:\/\/collies-vom-floersbachtal.de\/cms\/wp-content\/uploads\/2022\/11\/Trauer.jpg\" alt=\"\" width=\"500\" height=\"571\" srcset=\"https:\/\/collies-vom-floersbachtal.de\/cms\/wp-content\/uploads\/2022\/11\/Trauer.jpg 500w, https:\/\/collies-vom-floersbachtal.de\/cms\/wp-content\/uploads\/2022\/11\/Trauer-263x300.jpg 263w\" sizes=\"auto, (max-width: 500px) 100vw, 500px\" \/><\/a><\/h1>\n<h1>Ein ganz schrecklicher Moment ist eingetreten&#8230; \ud83d\ude41 Eve, diese kleine sensible Maus, hat uns am 28.10.2022 nach kurzer schwerer Krankheit f\u00fcr immer verlassen. Es ist so schrecklich, einen so jungen Hund zu verlieren, der doch so eine gr0\u00dfe Aufgabe ihn seinem Leben hatte.<\/h1>\n<p><strong>Lebe wohl du kleiner Engel R.I.P. Evangeline Star\u00a0 \ud83d\ude41\u00a0<\/strong><\/p>\n<h1><strong>Neue Fotos von Eve Februar 2018<\/strong><\/h1>\n<p><a href=\"http:\/\/collies-vom-floersbachtal.de\/cms\/wp-content\/uploads\/2016\/03\/Eve-1-Feb.18.jpg\"><img loading=\"lazy\" decoding=\"async\" class=\"aligncenter size-large wp-image-21000\" title=\"Eve 1 Feb.18\" src=\"http:\/\/collies-vom-floersbachtal.de\/cms\/wp-content\/uploads\/2016\/03\/Eve-1-Feb.18-1024x683.jpg\" alt=\"\" width=\"640\" height=\"426\" srcset=\"https:\/\/collies-vom-floersbachtal.de\/cms\/wp-content\/uploads\/2016\/03\/Eve-1-Feb.18-1024x683.jpg 1024w, https:\/\/collies-vom-floersbachtal.de\/cms\/wp-content\/uploads\/2016\/03\/Eve-1-Feb.18-300x200.jpg 300w\" sizes=\"auto, (max-width: 640px) 100vw, 640px\" \/><\/a><a href=\"http:\/\/collies-vom-floersbachtal.de\/cms\/wp-content\/uploads\/2016\/03\/Eve-2-Feb.18.jpg\"><img loading=\"lazy\" decoding=\"async\" class=\"aligncenter size-large wp-image-21001\" title=\"Eve 2 Feb.18\" src=\"http:\/\/collies-vom-floersbachtal.de\/cms\/wp-content\/uploads\/2016\/03\/Eve-2-Feb.18-1024x683.jpg\" alt=\"\" width=\"640\" height=\"426\" srcset=\"https:\/\/collies-vom-floersbachtal.de\/cms\/wp-content\/uploads\/2016\/03\/Eve-2-Feb.18-1024x683.jpg 1024w, https:\/\/collies-vom-floersbachtal.de\/cms\/wp-content\/uploads\/2016\/03\/Eve-2-Feb.18-300x200.jpg 300w\" sizes=\"auto, (max-width: 640px) 100vw, 640px\" \/><\/a><\/p>\n<p><strong>Neues &amp;\u00a0 Fotos von Eve\u00b4s Frauli im M\u00e4rz 2017<\/strong><\/p>\n<p>Hallo Susanne,<\/p>\n<p>hier einige Bilder von Eve wie sie mit ihrem Nachbarhund, einem Rottweiler-Welpen spielt und noch anderen Collies aus der Stadt. Wir hatten einen sch\u00f6nen Nachmittag zusammen. Eve spielt sehr gerne mit anderen Hunden. Auch das Warnen klappt super. Bei Anf\u00e4llen mit Sauerstoffmangel meldet sie vorher, bei den anderen Anf\u00e4llen ist sie auch sofort auf der Stelle da. Einfach super. \ud83d\ude00<\/p>\n<p>LG. Annette, Simon &amp; Eve<a href=\"http:\/\/collies-vom-floersbachtal.de\/cms\/wp-content\/uploads\/2016\/03\/Eve1-M\u00e4rz17.jpg\"><img loading=\"lazy\" decoding=\"async\" class=\"aligncenter size-full wp-image-18964\" title=\"Eve1 M\u00e4rz17\" src=\"http:\/\/collies-vom-floersbachtal.de\/cms\/wp-content\/uploads\/2016\/03\/Eve1-M\u00e4rz17.jpg\" alt=\"\" width=\"1000\" height=\"727\" srcset=\"https:\/\/collies-vom-floersbachtal.de\/cms\/wp-content\/uploads\/2016\/03\/Eve1-M\u00e4rz17.jpg 1000w, https:\/\/collies-vom-floersbachtal.de\/cms\/wp-content\/uploads\/2016\/03\/Eve1-M\u00e4rz17-300x218.jpg 300w\" sizes=\"auto, (max-width: 1000px) 100vw, 1000px\" \/><\/a><a href=\"http:\/\/collies-vom-floersbachtal.de\/cms\/wp-content\/uploads\/2016\/03\/Eve2-M\u00e4rz17.jpg\"><img loading=\"lazy\" decoding=\"async\" class=\"aligncenter size-full wp-image-18965\" title=\"Eve2 M\u00e4rz17\" src=\"http:\/\/collies-vom-floersbachtal.de\/cms\/wp-content\/uploads\/2016\/03\/Eve2-M\u00e4rz17.jpg\" alt=\"\" width=\"1000\" height=\"661\" srcset=\"https:\/\/collies-vom-floersbachtal.de\/cms\/wp-content\/uploads\/2016\/03\/Eve2-M\u00e4rz17.jpg 1000w, https:\/\/collies-vom-floersbachtal.de\/cms\/wp-content\/uploads\/2016\/03\/Eve2-M\u00e4rz17-300x198.jpg 300w\" sizes=\"auto, (max-width: 1000px) 100vw, 1000px\" \/><\/a><a href=\"http:\/\/collies-vom-floersbachtal.de\/cms\/wp-content\/uploads\/2016\/03\/Eve3-M\u00e4rz17.jpg\"><img loading=\"lazy\" decoding=\"async\" class=\"aligncenter size-full wp-image-18966\" title=\"Eve3 M\u00e4rz17\" src=\"http:\/\/collies-vom-floersbachtal.de\/cms\/wp-content\/uploads\/2016\/03\/Eve3-M\u00e4rz17.jpg\" alt=\"\" width=\"1000\" height=\"750\" srcset=\"https:\/\/collies-vom-floersbachtal.de\/cms\/wp-content\/uploads\/2016\/03\/Eve3-M\u00e4rz17.jpg 1000w, https:\/\/collies-vom-floersbachtal.de\/cms\/wp-content\/uploads\/2016\/03\/Eve3-M\u00e4rz17-300x225.jpg 300w\" sizes=\"auto, (max-width: 1000px) 100vw, 1000px\" \/><\/a><\/p>\n<p><strong>Neues von klein Eve im Mai 2016<a href=\"http:\/\/collies-vom-floersbachtal.de\/cms\/wp-content\/uploads\/2016\/03\/Eve-19.05.16.jpg\"><img loading=\"lazy\" decoding=\"async\" class=\"aligncenter size-large wp-image-17290\" title=\"Eve 19.05.16\" src=\"http:\/\/collies-vom-floersbachtal.de\/cms\/wp-content\/uploads\/2016\/03\/Eve-19.05.16-1024x683.jpg\" alt=\"\" width=\"640\" height=\"426\" srcset=\"https:\/\/collies-vom-floersbachtal.de\/cms\/wp-content\/uploads\/2016\/03\/Eve-19.05.16-1024x683.jpg 1024w, https:\/\/collies-vom-floersbachtal.de\/cms\/wp-content\/uploads\/2016\/03\/Eve-19.05.16-300x200.jpg 300w, https:\/\/collies-vom-floersbachtal.de\/cms\/wp-content\/uploads\/2016\/03\/Eve-19.05.16.jpg 1081w\" sizes=\"auto, (max-width: 640px) 100vw, 640px\" \/><\/a><\/strong> Wo wollen denn die Ohren noch hin??? S\u00fc\u00dfe Maus.\u00a0 \u00c4hnelst deinen Br\u00fcdern vom C-Wurf sehr. \ud83d\ude00<\/p>\n<p><strong>Neues im April von der kleinen Eve \ud83d\ude00<\/strong><a href=\"http:\/\/collies-vom-floersbachtal.de\/cms\/wp-content\/uploads\/2016\/03\/Eve1-April16.jpg\"><img loading=\"lazy\" decoding=\"async\" class=\"aligncenter size-large wp-image-16971\" title=\"Eve1 April16\" src=\"http:\/\/collies-vom-floersbachtal.de\/cms\/wp-content\/uploads\/2016\/03\/Eve1-April16-e1459756753717-1024x614.jpg\" alt=\"\" width=\"640\" height=\"383\" srcset=\"https:\/\/collies-vom-floersbachtal.de\/cms\/wp-content\/uploads\/2016\/03\/Eve1-April16-e1459756753717-1024x614.jpg 1024w, https:\/\/collies-vom-floersbachtal.de\/cms\/wp-content\/uploads\/2016\/03\/Eve1-April16-e1459756753717-300x180.jpg 300w\" sizes=\"auto, (max-width: 640px) 100vw, 640px\" \/><\/a> S\u00fc\u00dfe \ud83d\ude1b<br \/>\nHallo zusammen,<br \/>\nEin kleiner Gru\u00df von uns. Eve ist inzwischen schon ein kesses M\u00e4dchen geworden. Eine Traingseinheit haben wir gemeistert. Sie macht das ganz toll. Das Warnen hat auch schon geklappt. Den Besen kann man nur in ihrer Abwesenheit benutzen. (Tja, der wird dann mal schnell geh\u00fctet)<br \/>\nLiebe Gr\u00fc\u00dfe,<br \/>\nAnnette Hanselmann<\/p>\n<p><strong>Neues aus dem Hause Eve Hanselmann \ud83d\ude09<\/strong><a href=\"http:\/\/collies-vom-floersbachtal.de\/cms\/wp-content\/uploads\/2016\/03\/Eve1-im-neuen-Zuhause-M\u00e4rz16.jpg\"><img loading=\"lazy\" decoding=\"async\" class=\"aligncenter size-medium wp-image-16744\" title=\"Eve1 im neuen Zuhause M\u00e4rz16\" src=\"http:\/\/collies-vom-floersbachtal.de\/cms\/wp-content\/uploads\/2016\/03\/Eve1-im-neuen-Zuhause-M\u00e4rz16-e1458819583144-300x180.jpg\" alt=\"\" width=\"300\" height=\"180\" srcset=\"https:\/\/collies-vom-floersbachtal.de\/cms\/wp-content\/uploads\/2016\/03\/Eve1-im-neuen-Zuhause-M\u00e4rz16-e1458819583144-300x180.jpg 300w, https:\/\/collies-vom-floersbachtal.de\/cms\/wp-content\/uploads\/2016\/03\/Eve1-im-neuen-Zuhause-M\u00e4rz16-e1458819583144-1024x614.jpg 1024w\" sizes=\"auto, (max-width: 300px) 100vw, 300px\" \/><\/a> pa\u00dft, wackelt und hat Luft ;-)Ok, ich bin etwas gewachsen \ud83d\ude00<\/p>\n","protected":false},"excerpt":{"rendered":"<p>\u00a0 \u00a0 \u00a0 \u00a0 \u00a0 \u00a0 \u00a0 \u00a0 \u00a0 \u00a0 \u00a0 \u00a0 10.01.2016\u00a0 &#8211; 28.10.2022 Ein ganz schrecklicher Moment ist eingetreten&#8230; \ud83d\ude41 Eve, diese kleine sensible Maus, hat uns am 28.10.2022 nach kurzer schwerer Krankheit f\u00fcr immer verlassen. Es ist &hellip; <a href=\"https:\/\/collies-vom-floersbachtal.de\/?page_id=16707\">Weiterlesen <span class=\"meta-nav\">&rarr;<\/span><\/a><\/p>\n","protected":false},"author":1,"featured_media":0,"parent":0,"menu_order":0,"comment_status":"open","ping_status":"open","template":"","meta":{"footnotes":""},"class_list":["post-16707","page","type-page","status-publish","hentry"],"_links":{"self":[{"href":"https:\/\/collies-vom-floersbachtal.de\/index.php?rest_route=\/wp\/v2\/pages\/16707","targetHints":{"allow":["GET"]}}],"collection":[{"href":"https:\/\/collies-vom-floersbachtal.de\/index.php?rest_route=\/wp\/v2\/pages"}],"about":[{"href":"https:\/\/collies-vom-floersbachtal.de\/index.php?rest_route=\/wp\/v2\/types\/page"}],"author":[{"embeddable":true,"href":"https:\/\/collies-vom-floersbachtal.de\/index.php?rest_route=\/wp\/v2\/users\/1"}],"replies":[{"embeddable":true,"href":"https:\/\/collies-vom-floersbachtal.de\/index.php?rest_route=%2Fwp%2Fv2%2Fcomments&post=16707"}],"version-history":[{"count":15,"href":"https:\/\/collies-vom-floersbachtal.de\/index.php?rest_route=\/wp\/v2\/pages\/16707\/revisions"}],"predecessor-version":[{"id":47415,"href":"https:\/\/collies-vom-floersbachtal.de\/index.php?rest_route=\/wp\/v2\/pages\/16707\/revisions\/47415"}],"wp:attachment":[{"href":"https:\/\/collies-vom-floersbachtal.de\/index.php?rest_route=%2Fwp%2Fv2%2Fmedia&parent=16707"}],"curies":[{"name":"wp","href":"https:\/\/api.w.org\/{rel}","templated":true}]}}

<h1>                        10.01.2016  &#8211; 28.10.2022<a href="https://collies-vom-floersbachtal.de/?attachment_id=37687" rel="attachment wp-att-37687"><img loading="lazy" decoding="async" class="aligncenter size-full wp-image-37687" src="http://collies-vom-floersbachtal.de/cms/wp-content/uploads/2022/11/Trauer.jpg" alt="" width="500" height="571" srcset="https://collies-vom-floersbachtal.de/cms/wp-content/uploads/2022/11/Trauer.jpg 500w, https://collies-vom-floersbachtal.de/cms/wp-content/uploads/2022/11/Trauer-263x300.jpg 263w" sizes="auto, (max-width: 500px) 100vw, 500px" /></a></h1>
<h1>Ein ganz schrecklicher Moment ist eingetreten&#8230; 🙁 Eve, diese kleine sensible Maus, hat uns am 28.10.2022 nach kurzer schwerer Krankheit für immer verlassen. Es ist so schrecklich, einen so jungen Hund zu verlieren, der doch so eine gr0ße Aufgabe ihn seinem Leben hatte.</h1>
<p><strong>Lebe wohl du kleiner Engel R.I.P. Evangeline Star  🙁 </strong></p>
<h1><strong>Neue Fotos von Eve Februar 2018</strong></h1>
<p><a href="http://collies-vom-floersbachtal.de/cms/wp-content/uploads/2016/03/Eve-1-Feb.18.jpg"><img loading="lazy" decoding="async" class="aligncenter size-large wp-image-21000" title="Eve 1 Feb.18" src="http://collies-vom-floersbachtal.de/cms/wp-content/uploads/2016/03/Eve-1-Feb.18-1024x683.jpg" alt="" width="640" height="426" srcset="https://collies-vom-floersbachtal.de/cms/wp-content/uploads/2016/03/Eve-1-Feb.18-1024x683.jpg 1024w, https://collies-vom-floersbachtal.de/cms/wp-content/uploads/2016/03/Eve-1-Feb.18-300x200.jpg 300w" sizes="auto, (max-width: 640px) 100vw, 640px" /></a><a href="http://collies-vom-floersbachtal.de/cms/wp-content/uploads/2016/03/Eve-2-Feb.18.jpg"><img loading="lazy" decoding="async" class="aligncenter size-large wp-image-21001" title="Eve 2 Feb.18" src="http://collies-vom-floersbachtal.de/cms/wp-content/uploads/2016/03/Eve-2-Feb.18-1024x683.jpg" alt="" width="640" height="426" srcset="https://collies-vom-floersbachtal.de/cms/wp-content/uploads/2016/03/Eve-2-Feb.18-1024x683.jpg 1024w, https://collies-vom-floersbachtal.de/cms/wp-content/uploads/2016/03/Eve-2-Feb.18-300x200.jpg 300w" sizes="auto, (max-width: 640px) 100vw, 640px" /></a></p>
<p><strong>Neues &amp;  Fotos von Eve´s Frauli im März 2017</strong></p>
<p>Hallo Susanne,</p>
<p>hier einige Bilder von Eve wie sie mit ihrem Nachbarhund, einem Rottweiler-Welpen spielt und noch anderen Collies aus der Stadt. Wir hatten einen schönen Nachmittag zusammen. Eve spielt sehr gerne mit anderen Hunden. Auch das Warnen klappt super. Bei Anfällen mit Sauerstoffmangel meldet sie vorher, bei den anderen Anfällen ist sie auch sofort auf der Stelle da. Einfach super. 😀</p>
<p>LG. Annette, Simon &amp; Eve<a href="http://collies-vom-floersbachtal.de/cms/wp-content/uploads/2016/03/Eve1-März17.jpg"><img loading="lazy" decoding="async" class="aligncenter size-full wp-image-18964" title="Eve1 März17" src="http://collies-vom-floersbachtal.de/cms/wp-content/uploads/2016/03/Eve1-März17.jpg" alt="" width="1000" height="727" srcset="https://collies-vom-floersbachtal.de/cms/wp-content/uploads/2016/03/Eve1-März17.jpg 1000w, https://collies-vom-floersbachtal.de/cms/wp-content/uploads/2016/03/Eve1-März17-300x218.jpg 300w" sizes="auto, (max-width: 1000px) 100vw, 1000px" /></a><a href="http://collies-vom-floersbachtal.de/cms/wp-content/uploads/2016/03/Eve2-März17.jpg"><img loading="lazy" decoding="async" class="aligncenter size-full wp-image-18965" title="Eve2 März17" src="http://collies-vom-floersbachtal.de/cms/wp-content/uploads/2016/03/Eve2-März17.jpg" alt="" width="1000" height="661" srcset="https://collies-vom-floersbachtal.de/cms/wp-content/uploads/2016/03/Eve2-März17.jpg 1000w, https://collies-vom-floersbachtal.de/cms/wp-content/uploads/2016/03/Eve2-März17-300x198.jpg 300w" sizes="auto, (max-width: 1000px) 100vw, 1000px" /></a><a href="http://collies-vom-floersbachtal.de/cms/wp-content/uploads/2016/03/Eve3-März17.jpg"><img loading="lazy" decoding="async" class="aligncenter size-full wp-image-18966" title="Eve3 März17" src="http://collies-vom-floersbachtal.de/cms/wp-content/uploads/2016/03/Eve3-März17.jpg" alt="" width="1000" height="750" srcset="https://collies-vom-floersbachtal.de/cms/wp-content/uploads/2016/03/Eve3-März17.jpg 1000w, https://collies-vom-floersbachtal.de/cms/wp-content/uploads/2016/03/Eve3-März17-300x225.jpg 300w" sizes="auto, (max-width: 1000px) 100vw, 1000px" /></a></p>
<p><strong>Neues von klein Eve im Mai 2016<a href="http://collies-vom-floersbachtal.de/cms/wp-content/uploads/2016/03/Eve-19.05.16.jpg"><img loading="lazy" decoding="async" class="aligncenter size-large wp-image-17290" title="Eve 19.05.16" src="http://collies-vom-floersbachtal.de/cms/wp-content/uploads/2016/03/Eve-19.05.16-1024x683.jpg" alt="" width="640" height="426" srcset="https://collies-vom-floersbachtal.de/cms/wp-content/uploads/2016/03/Eve-19.05.16-1024x683.jpg 1024w, https://collies-vom-floersbachtal.de/cms/wp-content/uploads/2016/03/Eve-19.05.16-300x200.jpg 300w, https://collies-vom-floersbachtal.de/cms/wp-content/uploads/2016/03/Eve-19.05.16.jpg 1081w" sizes="auto, (max-width: 640px) 100vw, 640px" /></a></strong> Wo wollen denn die Ohren noch hin??? Süße Maus.  Ähnelst deinen Brüdern vom C-Wurf sehr. 😀</p>
<p><strong>Neues im April von der kleinen Eve 😀</strong><a href="http://collies-vom-floersbachtal.de/cms/wp-content/uploads/2016/03/Eve1-April16.jpg"><img loading="lazy" decoding="async" class="aligncenter size-large wp-image-16971" title="Eve1 April16" src="http://collies-vom-floersbachtal.de/cms/wp-content/uploads/2016/03/Eve1-April16-e1459756753717-1024x614.jpg" alt="" width="640" height="383" srcset="https://collies-vom-floersbachtal.de/cms/wp-content/uploads/2016/03/Eve1-April16-e1459756753717-1024x614.jpg 1024w, https://collies-vom-floersbachtal.de/cms/wp-content/uploads/2016/03/Eve1-April16-e1459756753717-300x180.jpg 300w" sizes="auto, (max-width: 640px) 100vw, 640px" /></a> Süße 😛<br />
Hallo zusammen,<br />
Ein kleiner Gruß von uns. Eve ist inzwischen schon ein kesses Mädchen geworden. Eine Traingseinheit haben wir gemeistert. Sie macht das ganz toll. Das Warnen hat auch schon geklappt. Den Besen kann man nur in ihrer Abwesenheit benutzen. (Tja, der wird dann mal schnell gehütet)<br />
Liebe Grüße,<br />
Annette Hanselmann</p>
<p><strong>Neues aus dem Hause Eve Hanselmann 😉</strong><a href="http://collies-vom-floersbachtal.de/cms/wp-content/uploads/2016/03/Eve1-im-neuen-Zuhause-März16.jpg"><img loading="lazy" decoding="async" class="aligncenter size-medium wp-image-16744" title="Eve1 im neuen Zuhause März16" src="http://collies-vom-floersbachtal.de/cms/wp-content/uploads/2016/03/Eve1-im-neuen-Zuhause-März16-e1458819583144-300x180.jpg" alt="" width="300" height="180" srcset="https://collies-vom-floersbachtal.de/cms/wp-content/uploads/2016/03/Eve1-im-neuen-Zuhause-März16-e1458819583144-300x180.jpg 300w, https://collies-vom-floersbachtal.de/cms/wp-content/uploads/2016/03/Eve1-im-neuen-Zuhause-März16-e1458819583144-1024x614.jpg 1024w" sizes="auto, (max-width: 300px) 100vw, 300px" /></a> paßt, wackelt und hat Luft ;-)Ok, ich bin etwas gewachsen 😀</p>

<p>                        10.01.2016  &#8211; 28.10.2022 Ein ganz schrecklicher Moment ist eingetreten&#8230; 🙁 Eve, diese kleine sensible Maus, hat uns am 28.10.2022 nach kurzer schwerer Krankheit für immer verlassen. Es ist &hellip; <a href="https://collies-vom-floersbachtal.de/?page_id=16707">Weiterlesen <span class="meta-nav">&rarr;</span></a></p>
