{"id":16703,"date":"2016-03-23T16:35:22","date_gmt":"2016-03-23T16:35:22","guid":{"rendered":"http:\/\/collies-vom-floersbachtal.de\/?page_id=16703"},"modified":"2024-08-01T13:12:21","modified_gmt":"2024-08-01T13:12:21","slug":"nachzucht-e-wurf-enko-living","status":"publish","type":"page","link":"https:\/\/collies-vom-floersbachtal.de\/?page_id=16703","title":{"rendered":"Nachzucht E &#8211; Wurf Enko Living"},"content":{"rendered":"\n<h1 class=\"wp-block-heading\"><strong>NEWS von Enko im August 2021<\/strong> <strong>\ud83d\ude42<\/strong><\/h1>\n\n\n\n<figure class=\"wp-block-image size-large\"><a href=\"http:\/\/collies-vom-floersbachtal.de\/cms\/wp-content\/uploads\/2021\/08\/Enko1-August21-rotated.jpg\"><img loading=\"lazy\" decoding=\"async\" width=\"480\" height=\"640\" src=\"http:\/\/collies-vom-floersbachtal.de\/cms\/wp-content\/uploads\/2021\/08\/Enko1-August21-rotated.jpg\" alt=\"\" class=\"wp-image-33209\" srcset=\"https:\/\/collies-vom-floersbachtal.de\/cms\/wp-content\/uploads\/2021\/08\/Enko1-August21-rotated.jpg 480w, https:\/\/collies-vom-floersbachtal.de\/cms\/wp-content\/uploads\/2021\/08\/Enko1-August21-225x300.jpg 225w\" sizes=\"auto, (max-width: 480px) 100vw, 480px\" \/><\/a><\/figure>\n\n\n<h1><strong>Neues von Enko mit 6 Monaten im Juli 2016, als wir ihn mit El\u00e1 besuchen durften. Er ist ein ganz Braver geblieben, so wie er schon als kleiner Welpe war.\u00a0 Und ein H\u00fcbscher obendrauf \ud83d\ude00<a href=\"http:\/\/collies-vom-floersbachtal.de\/cms\/wp-content\/uploads\/2016\/03\/Enko2-Juli16-6-Monate.jpg\"><img loading=\"lazy\" decoding=\"async\" class=\"aligncenter size-full wp-image-17970\" title=\"Enko2 Juli16 6 Monate\" src=\"http:\/\/collies-vom-floersbachtal.de\/cms\/wp-content\/uploads\/2016\/03\/Enko2-Juli16-6-Monate.jpg\" alt=\"\" width=\"1000\" height=\"667\" srcset=\"https:\/\/collies-vom-floersbachtal.de\/cms\/wp-content\/uploads\/2016\/03\/Enko2-Juli16-6-Monate.jpg 1000w, https:\/\/collies-vom-floersbachtal.de\/cms\/wp-content\/uploads\/2016\/03\/Enko2-Juli16-6-Monate-300x200.jpg 300w\" sizes=\"auto, (max-width: 1000px) 100vw, 1000px\" \/><\/a><\/strong><a href=\"http:\/\/collies-vom-floersbachtal.de\/cms\/wp-content\/uploads\/2016\/03\/Enko2-El\u00e1-Juli16.jpg\"><img loading=\"lazy\" decoding=\"async\" class=\"aligncenter size-full wp-image-17971\" title=\"Enko2 &amp; El\u00e1 Juli16\" src=\"http:\/\/collies-vom-floersbachtal.de\/cms\/wp-content\/uploads\/2016\/03\/Enko2-El\u00e1-Juli16.jpg\" alt=\"\" width=\"1000\" height=\"715\" srcset=\"https:\/\/collies-vom-floersbachtal.de\/cms\/wp-content\/uploads\/2016\/03\/Enko2-El\u00e1-Juli16.jpg 1000w, https:\/\/collies-vom-floersbachtal.de\/cms\/wp-content\/uploads\/2016\/03\/Enko2-El\u00e1-Juli16-300x214.jpg 300w\" sizes=\"auto, (max-width: 1000px) 100vw, 1000px\" \/><\/a><a href=\"http:\/\/collies-vom-floersbachtal.de\/cms\/wp-content\/uploads\/2016\/03\/Enko4-El\u00e1-Juli16.jpg\"><img loading=\"lazy\" decoding=\"async\" class=\"aligncenter size-full wp-image-17973\" title=\"Enko4 &amp; El\u00e1 Juli16\" src=\"http:\/\/collies-vom-floersbachtal.de\/cms\/wp-content\/uploads\/2016\/03\/Enko4-El\u00e1-Juli16.jpg\" alt=\"\" width=\"1000\" height=\"632\" srcset=\"https:\/\/collies-vom-floersbachtal.de\/cms\/wp-content\/uploads\/2016\/03\/Enko4-El\u00e1-Juli16.jpg 1000w, https:\/\/collies-vom-floersbachtal.de\/cms\/wp-content\/uploads\/2016\/03\/Enko4-El\u00e1-Juli16-300x189.jpg 300w\" sizes=\"auto, (max-width: 1000px) 100vw, 1000px\" \/><\/a>Es war ein sch\u00f6ner Nachmittag und wir sind immer wieder begeistert, wie sch\u00f6n sich unsere Nachzuchten entwickeln. \ud83d\ude00<\/h1>\n<p><strong>News von Enko im April 2016 in seinem sch\u00f6nen Zuhause \ud83d\ude00<a href=\"http:\/\/collies-vom-floersbachtal.de\/cms\/wp-content\/uploads\/2016\/03\/Enko1-April16.jpg\"><img loading=\"lazy\" decoding=\"async\" class=\"aligncenter size-medium wp-image-17080\" title=\"Enko1 April16\" src=\"http:\/\/collies-vom-floersbachtal.de\/cms\/wp-content\/uploads\/2016\/03\/Enko1-April16-300x168.jpg\" alt=\"\" width=\"300\" height=\"168\" srcset=\"https:\/\/collies-vom-floersbachtal.de\/cms\/wp-content\/uploads\/2016\/03\/Enko1-April16-300x168.jpg 300w, https:\/\/collies-vom-floersbachtal.de\/cms\/wp-content\/uploads\/2016\/03\/Enko1-April16-1024x575.jpg 1024w, https:\/\/collies-vom-floersbachtal.de\/cms\/wp-content\/uploads\/2016\/03\/Enko1-April16.jpg 1426w\" sizes=\"auto, (max-width: 300px) 100vw, 300px\" \/><\/a><\/strong><a href=\"http:\/\/collies-vom-floersbachtal.de\/cms\/wp-content\/uploads\/2016\/03\/Enko6-April16.jpg\"><img loading=\"lazy\" decoding=\"async\" class=\"aligncenter size-medium wp-image-17085\" title=\"Enko6 April16\" src=\"http:\/\/collies-vom-floersbachtal.de\/cms\/wp-content\/uploads\/2016\/03\/Enko6-April16-300x168.jpg\" alt=\"\" width=\"300\" height=\"168\" srcset=\"https:\/\/collies-vom-floersbachtal.de\/cms\/wp-content\/uploads\/2016\/03\/Enko6-April16-300x168.jpg 300w, https:\/\/collies-vom-floersbachtal.de\/cms\/wp-content\/uploads\/2016\/03\/Enko6-April16-1024x575.jpg 1024w, https:\/\/collies-vom-floersbachtal.de\/cms\/wp-content\/uploads\/2016\/03\/Enko6-April16.jpg 1426w\" sizes=\"auto, (max-width: 300px) 100vw, 300px\" \/><\/a>Unser h\u00fcbscher Enko und sein kleiner Freund \ud83d\ude00<\/p>\n<p>Hallo Susanne,<br \/>ich wollte dich mal auf den neusten Stand bringen.<br \/>Enko hat sich gut eingelebt und scheint sich schon sehr wohl zu f\u00fchlen. Stubenrein ist er eigentlich auch schon und wei\u00df sich auch sonst meist gut zu benehmen.<br \/>Heute stand zum ersten Mal Gassi gehen mit Leine und Geschirr auf dem Plan und am Samstag geht`s zur Einschulung in die Welpengruppe.<br \/>In der Anlage ein paar Bilder.<br \/>PS.: Ich m\u00f6chte an dieser Stelle auch ein Lob f\u00fcr die sehr gute Vorerziehung aussprechen. Er ist wirklich sehr ausgeglichen und lieb. Wir sind sehr gl\u00fccklich mit ihm.<\/p>\n<p>Viele Gr\u00fc\u00dfe<\/p>\n<p>Stefan HeineltWar eine anstrenge Fahrt :-DOh hier kann ich mal Angeln ;-)Meiner!!!<a href=\"http:\/\/collies-vom-floersbachtal.de\/cms\/wp-content\/uploads\/2016\/03\/Enko4-im-neuen-Zuhause-M\u00e4rz-16.jpg\"><img loading=\"lazy\" decoding=\"async\" class=\"aligncenter size-medium wp-image-16757\" title=\"Enko4 im neuen Zuhause M\u00e4rz 16\" src=\"http:\/\/collies-vom-floersbachtal.de\/cms\/wp-content\/uploads\/2016\/03\/Enko4-im-neuen-Zuhause-M\u00e4rz-16-300x168.jpg\" alt=\"\" width=\"300\" height=\"168\" srcset=\"https:\/\/collies-vom-floersbachtal.de\/cms\/wp-content\/uploads\/2016\/03\/Enko4-im-neuen-Zuhause-M\u00e4rz-16-300x168.jpg 300w, https:\/\/collies-vom-floersbachtal.de\/cms\/wp-content\/uploads\/2016\/03\/Enko4-im-neuen-Zuhause-M\u00e4rz-16-1024x576.jpg 1024w\" sizes=\"auto, (max-width: 300px) 100vw, 300px\" \/><\/a> Endlich was zu kauen \ud83d\ude09<\/p>","protected":false},"excerpt":{"rendered":"<p>NEWS von Enko im August 2021 \ud83d\ude42 Neues von Enko mit 6 Monaten im Juli 2016, als wir ihn mit El\u00e1 besuchen durften. Er ist ein ganz Braver geblieben, so wie er schon als kleiner Welpe war.\u00a0 Und ein H\u00fcbscher &hellip; <a href=\"https:\/\/collies-vom-floersbachtal.de\/?page_id=16703\">Weiterlesen <span class=\"meta-nav\">&rarr;<\/span><\/a><\/p>\n","protected":false},"author":1,"featured_media":0,"parent":0,"menu_order":0,"comment_status":"open","ping_status":"open","template":"","meta":{"footnotes":""},"class_list":["post-16703","page","type-page","status-publish","hentry"],"_links":{"self":[{"href":"https:\/\/collies-vom-floersbachtal.de\/index.php?rest_route=\/wp\/v2\/pages\/16703","targetHints":{"allow":["GET"]}}],"collection":[{"href":"https:\/\/collies-vom-floersbachtal.de\/index.php?rest_route=\/wp\/v2\/pages"}],"about":[{"href":"https:\/\/collies-vom-floersbachtal.de\/index.php?rest_route=\/wp\/v2\/types\/page"}],"author":[{"embeddable":true,"href":"https:\/\/collies-vom-floersbachtal.de\/index.php?rest_route=\/wp\/v2\/users\/1"}],"replies":[{"embeddable":true,"href":"https:\/\/collies-vom-floersbachtal.de\/index.php?rest_route=%2Fwp%2Fv2%2Fcomments&post=16703"}],"version-history":[{"count":11,"href":"https:\/\/collies-vom-floersbachtal.de\/index.php?rest_route=\/wp\/v2\/pages\/16703\/revisions"}],"predecessor-version":[{"id":47414,"href":"https:\/\/collies-vom-floersbachtal.de\/index.php?rest_route=\/wp\/v2\/pages\/16703\/revisions\/47414"}],"wp:attachment":[{"href":"https:\/\/collies-vom-floersbachtal.de\/index.php?rest_route=%2Fwp%2Fv2%2Fmedia&parent=16703"}],"curies":[{"name":"wp","href":"https:\/\/api.w.org\/{rel}","templated":true}]}}