{"id":28268,"date":"2020-01-19T20:20:50","date_gmt":"2020-01-19T20:20:50","guid":{"rendered":"http:\/\/collies-vom-floersbachtal.de\/cms\/wp-content\/uploads\/2011\/11\/Tara-und-Br\u00fcder-R\u00fcckreise4.jpg"},"modified":"2020-01-19T20:20:50","modified_gmt":"2020-01-19T20:20:50","slug":"tara-und-bruder-ruckreise4","status":"inherit","type":"attachment","link":"https:\/\/collies-vom-floersbachtal.de\/?attachment_id=28268","title":{"rendered":"Tara und Br\u00fcder R\u00fcckreise4"},"author":1,"featured_media":0,"comment_status":"open","ping_status":"open","template":"","meta":[],"class_list":["post-28268","attachment","type-attachment","status-inherit","hentry"],"description":{"rendered":"<p class=\"attachment\"><a href='https:\/\/collies-vom-floersbachtal.de\/cms\/wp-content\/uploads\/2011\/11\/Tara-und-Br\u00fcder-R\u00fcckreise4.jpg'><img loading=\"lazy\" decoding=\"async\" width=\"293\" height=\"300\" src=\"https:\/\/collies-vom-floersbachtal.de\/cms\/wp-content\/uploads\/2011\/11\/Tara-und-Br\u00fcder-R\u00fcckreise4-293x300.jpg\" class=\"attachment-medium size-medium\" alt=\"\" srcset=\"https:\/\/collies-vom-floersbachtal.de\/cms\/wp-content\/uploads\/2011\/11\/Tara-und-Br\u00fcder-R\u00fcckreise4-293x300.jpg 293w, https:\/\/collies-vom-floersbachtal.de\/cms\/wp-content\/uploads\/2011\/11\/Tara-und-Br\u00fcder-R\u00fcckreise4.jpg 1000w\" sizes=\"auto, (max-width: 293px) 100vw, 293px\" \/><\/a><\/p>\n"},"caption":{"rendered":""},"alt_text":"","media_type":"image","mime_type":"image\/jpeg","media_details":{"width":"1000","height":"1021","hwstring_small":"height='96' width='94'","file":"2011\/11\/Tara-und-Br\u00fcder-R\u00fcckreise4.jpg","sizes":{"thumbnail":{"file":"Tara-und-Br\u00fcder-R\u00fcckreise4-150x150.jpg","width":"150","height":"150","source_url":"https:\/\/collies-vom-floersbachtal.de\/cms\/wp-content\/uploads\/2011\/11\/Tara-und-Br\u00fcder-R\u00fcckreise4-150x150.jpg"},"medium":{"file":"Tara-und-Br\u00fcder-R\u00fcckreise4-293x300.jpg","width":"293","height":"300","source_url":"https:\/\/collies-vom-floersbachtal.de\/cms\/wp-content\/uploads\/2011\/11\/Tara-und-Br\u00fcder-R\u00fcckreise4-293x300.jpg"},"post-thumbnail":{"file":"Tara-und-Br\u00fcder-R\u00fcckreise4-980x174.jpg","width":"980","height":"174","source_url":"https:\/\/collies-vom-floersbachtal.de\/cms\/wp-content\/uploads\/2011\/11\/Tara-und-Br\u00fcder-R\u00fcckreise4-980x174.jpg"},"full":{"file":"Tara-und-Br\u00fcder-R\u00fcckreise4.jpg","width":1000,"height":1021,"mime_type":"image\/jpeg","source_url":"https:\/\/collies-vom-floersbachtal.de\/cms\/wp-content\/uploads\/2011\/11\/Tara-und-Br\u00fcder-R\u00fcckreise4.jpg"}},"image_meta":{"aperture":"2.4","credit":"","camera":"SM-G973F","caption":"","created_timestamp":"1579434372","copyright":"","focal_length":"4.32","iso":"400","shutter_speed":"0.02","title":""}},"post":null,"source_url":"https:\/\/collies-vom-floersbachtal.de\/cms\/wp-content\/uploads\/2011\/11\/Tara-und-Br\u00fcder-R\u00fcckreise4.jpg","_links":{"self":[{"href":"https:\/\/collies-vom-floersbachtal.de\/index.php?rest_route=\/wp\/v2\/media\/28268","targetHints":{"allow":["GET"]}}],"collection":[{"href":"https:\/\/collies-vom-floersbachtal.de\/index.php?rest_route=\/wp\/v2\/media"}],"about":[{"href":"https:\/\/collies-vom-floersbachtal.de\/index.php?rest_route=\/wp\/v2\/types\/attachment"}],"author":[{"embeddable":true,"href":"https:\/\/collies-vom-floersbachtal.de\/index.php?rest_route=\/wp\/v2\/users\/1"}]}}

http://collies-vom-floersbachtal.de/cms/wp-content/uploads/2011/11/Tara-und-Brüder-Rückreise4.jpg

Tara und Brüder Rückreise4

<p class="attachment"><a href='https://collies-vom-floersbachtal.de/cms/wp-content/uploads/2011/11/Tara-und-Brüder-Rückreise4.jpg'><img loading="lazy" decoding="async" width="293" height="300" src="https://collies-vom-floersbachtal.de/cms/wp-content/uploads/2011/11/Tara-und-Brüder-Rückreise4-293x300.jpg" class="attachment-medium size-medium" alt="" srcset="https://collies-vom-floersbachtal.de/cms/wp-content/uploads/2011/11/Tara-und-Brüder-Rückreise4-293x300.jpg 293w, https://collies-vom-floersbachtal.de/cms/wp-content/uploads/2011/11/Tara-und-Brüder-Rückreise4.jpg 1000w" sizes="auto, (max-width: 293px) 100vw, 293px" /></a></p>

2011/11/Tara-und-Brüder-Rückreise4.jpg

Tara-und-Brüder-Rückreise4-150x150.jpg

https://collies-vom-floersbachtal.de/cms/wp-content/uploads/2011/11/Tara-und-Brüder-Rückreise4-150x150.jpg

Tara-und-Brüder-Rückreise4-293x300.jpg

https://collies-vom-floersbachtal.de/cms/wp-content/uploads/2011/11/Tara-und-Brüder-Rückreise4-293x300.jpg

Tara-und-Brüder-Rückreise4-980x174.jpg

https://collies-vom-floersbachtal.de/cms/wp-content/uploads/2011/11/Tara-und-Brüder-Rückreise4-980x174.jpg

Tara-und-Brüder-Rückreise4.jpg

https://collies-vom-floersbachtal.de/cms/wp-content/uploads/2011/11/Tara-und-Brüder-Rückreise4.jpg
